{"id":3192,"date":"2024-02-08T19:41:59","date_gmt":"2024-02-08T18:41:59","guid":{"rendered":"https:\/\/amigosdeltambor.org\/?post_type=actividad_asociacion&#038;p=3192"},"modified":"2024-02-08T19:42:01","modified_gmt":"2024-02-08T18:42:01","slug":"charlas-en-los-colegios-sobre-la-exaltacion-de-tobarra-2023","status":"publish","type":"actividad_asociacion","link":"https:\/\/amigosdeltambor.org\/en\/actividad_asociacion\/talks-in-schools-on-the-exaltation-of-tobarra-2023\/","title":{"rendered":"Talks in schools on the Exaltation of Tobarra 2023"},"content":{"rendered":"<p>On the 15th of March we, as an association, visited the schools, explaining to our youngest children what the conference is about, what its history is and why this year it was held in our town, Tobarra.<\/p>\n\n\n\n<figure class=\"wp-block-gallery has-nested-images columns-default is-cropped wp-block-gallery-1 is-layout-flex wp-block-gallery-is-layout-flex\">\n<figure class=\"wp-block-image size-large\"><img fetchpriority=\"high\" decoding=\"async\" width=\"1024\" height=\"709\" data-id=\"3188\" src=\"https:\/\/amigosdeltambor.org\/wp-content\/uploads\/2024\/02\/IMG_4660-1024x709.jpg\" alt=\"\" class=\"wp-image-3188\" title=\"\" srcset=\"https:\/\/amigosdeltambor.org\/wp-content\/uploads\/2024\/02\/IMG_4660-1024x709.jpg 1024w, https:\/\/amigosdeltambor.org\/wp-content\/uploads\/2024\/02\/IMG_4660-300x208.jpg 300w, https:\/\/amigosdeltambor.org\/wp-content\/uploads\/2024\/02\/IMG_4660-768x532.jpg 768w, https:\/\/amigosdeltambor.org\/wp-content\/uploads\/2024\/02\/IMG_4660-1536x1063.jpg 1536w, https:\/\/amigosdeltambor.org\/wp-content\/uploads\/2024\/02\/IMG_4660-2048x1418.jpg 2048w\" sizes=\"(max-width: 1024px) 100vw, 1024px\" \/><figcaption class=\"wp-element-caption\">AAT<\/figcaption><\/figure>\n\n\n\n<figure class=\"wp-block-image size-large\"><img decoding=\"async\" width=\"1024\" height=\"930\" data-id=\"3187\" src=\"https:\/\/amigosdeltambor.org\/wp-content\/uploads\/2024\/02\/IMG_4656-1024x930.jpg\" alt=\"\" class=\"wp-image-3187\" title=\"\" srcset=\"https:\/\/amigosdeltambor.org\/wp-content\/uploads\/2024\/02\/IMG_4656-1024x930.jpg 1024w, https:\/\/amigosdeltambor.org\/wp-content\/uploads\/2024\/02\/IMG_4656-300x273.jpg 300w, https:\/\/amigosdeltambor.org\/wp-content\/uploads\/2024\/02\/IMG_4656-768x698.jpg 768w, https:\/\/amigosdeltambor.org\/wp-content\/uploads\/2024\/02\/IMG_4656-1536x1395.jpg 1536w, https:\/\/amigosdeltambor.org\/wp-content\/uploads\/2024\/02\/IMG_4656-2048x1860.jpg 2048w\" sizes=\"(max-width: 1024px) 100vw, 1024px\" \/><figcaption class=\"wp-element-caption\">AAT<\/figcaption><\/figure>\n\n\n\n<figure class=\"wp-block-image size-large\"><img decoding=\"async\" width=\"1024\" height=\"929\" data-id=\"3185\" src=\"https:\/\/amigosdeltambor.org\/wp-content\/uploads\/2024\/02\/1-1024x929.jpg\" alt=\"\" class=\"wp-image-3185\" title=\"\" srcset=\"https:\/\/amigosdeltambor.org\/wp-content\/uploads\/2024\/02\/1-1024x929.jpg 1024w, https:\/\/amigosdeltambor.org\/wp-content\/uploads\/2024\/02\/1-300x272.jpg 300w, https:\/\/amigosdeltambor.org\/wp-content\/uploads\/2024\/02\/1-768x697.jpg 768w, https:\/\/amigosdeltambor.org\/wp-content\/uploads\/2024\/02\/1.jpg 1200w\" sizes=\"(max-width: 1024px) 100vw, 1024px\" \/><figcaption class=\"wp-element-caption\">AAT<\/figcaption><\/figure>\n<\/figure>\n\n\n\n<div class=\"wp-block-buttons is-content-justification-center is-layout-flex wp-container-core-buttons-is-layout-a89b3969 wp-block-buttons-is-layout-flex\">\n<div class=\"wp-block-button\"><a class=\"wp-block-button__link has-text-align-center wp-element-button\" href=\"http:\/\/charlas-en-los-colegios-sobre-la-exaltacion-tobarra-2023\" target=\"_blank\" rel=\"noreferrer noopener\">MORE PHOTOS<\/a><\/div>\n<\/div>","protected":false},"featured_media":3188,"template":"","class_list":["post-3192","actividad_asociacion","type-actividad_asociacion","status-publish","has-post-thumbnail","hentry"],"acf":[],"uagb_featured_image_src":{"full":["https:\/\/amigosdeltambor.org\/wp-content\/uploads\/2024\/02\/IMG_4660-scaled.jpg",2560,1772,false],"thumbnail":["https:\/\/amigosdeltambor.org\/wp-content\/uploads\/2024\/02\/IMG_4660-150x150.jpg",150,150,true],"medium":["https:\/\/amigosdeltambor.org\/wp-content\/uploads\/2024\/02\/IMG_4660-300x208.jpg",300,208,true],"medium_large":["https:\/\/amigosdeltambor.org\/wp-content\/uploads\/2024\/02\/IMG_4660-768x532.jpg",768,532,true],"large":["https:\/\/amigosdeltambor.org\/wp-content\/uploads\/2024\/02\/IMG_4660-1024x709.jpg",1024,709,true],"1536x1536":["https:\/\/amigosdeltambor.org\/wp-content\/uploads\/2024\/02\/IMG_4660-1536x1063.jpg",1536,1063,true],"2048x2048":["https:\/\/amigosdeltambor.org\/wp-content\/uploads\/2024\/02\/IMG_4660-2048x1418.jpg",2048,1418,true],"trp-custom-language-flag":["https:\/\/amigosdeltambor.org\/wp-content\/uploads\/2024\/02\/IMG_4660-scaled.jpg",18,12,false]},"uagb_author_info":{"display_name":"SARA PUCHE SORIANO","author_link":"https:\/\/amigosdeltambor.org\/en\/author\/"},"uagb_comment_info":0,"uagb_excerpt":"El 15 de marzo estuvimos como asociaci\u00f3n visitando los colegios, explic\u00e1ndoles a nuestros m\u00e1s peque\u00f1os en qu\u00e9 consisten las jornadas, cu\u00e1l es su historia y por qu\u00e9 este a\u00f1o se celebraban es nuestro pueblo, Tobarra","_links":{"self":[{"href":"https:\/\/amigosdeltambor.org\/en\/wp-json\/wp\/v2\/actividad_asociacion\/3192","targetHints":{"allow":["GET"]}}],"collection":[{"href":"https:\/\/amigosdeltambor.org\/en\/wp-json\/wp\/v2\/actividad_asociacion"}],"about":[{"href":"https:\/\/amigosdeltambor.org\/en\/wp-json\/wp\/v2\/types\/actividad_asociacion"}],"wp:featuredmedia":[{"embeddable":true,"href":"https:\/\/amigosdeltambor.org\/en\/wp-json\/wp\/v2\/media\/3188"}],"wp:attachment":[{"href":"https:\/\/amigosdeltambor.org\/en\/wp-json\/wp\/v2\/media?parent=3192"}],"curies":[{"name":"wp","href":"https:\/\/api.w.org\/{rel}","templated":true}]}}

El 15 de marzo estuvimos como asociación visitando los colegios, explicándoles a nuestros más pequeños en qué consisten las jornadas, cuál es su historia y por qué este año se celebraban es nuestro pueblo, Tobarra
