{"id":3195,"date":"2024-02-08T19:36:49","date_gmt":"2024-02-08T18:36:49","guid":{"rendered":"https:\/\/amigosdeltambor.org\/?post_type=actividad_asociacion&#038;p=3195"},"modified":"2024-02-08T19:36:51","modified_gmt":"2024-02-08T18:36:51","slug":"los-tambores-de-tobarra-en-a-la-feria-de-albacete-2023","status":"publish","type":"actividad_asociacion","link":"https:\/\/amigosdeltambor.org\/en\/actividad_asociacion\/the-tobarra-drums-at-the-albacete-fair-2023\/","title":{"rendered":"The Tobarra Drums at the Albacete Fair 2023"},"content":{"rendered":"<p>On 17 September, on the last day of the Albacete fair, we were present along with representatives of our town council and other localities at the exhibition of crafts that took place at the fair showing one of the most beautiful jewel drums in the world. Represented, as it could not be otherwise, by the hand of our beloved \u201cEl Cas\u00f3n\u201d.<\/p>\n\n\n\n<figure class=\"wp-block-gallery has-nested-images columns-default is-cropped wp-block-gallery-1 is-layout-flex wp-block-gallery-is-layout-flex\">\n<figure class=\"wp-block-image size-large\"><img fetchpriority=\"high\" decoding=\"async\" width=\"768\" height=\"1024\" data-id=\"3176\" src=\"https:\/\/amigosdeltambor.org\/wp-content\/uploads\/2024\/02\/IMG_7661-768x1024.jpg\" alt=\"\" class=\"wp-image-3176\" title=\"\" srcset=\"https:\/\/amigosdeltambor.org\/wp-content\/uploads\/2024\/02\/IMG_7661-768x1024.jpg 768w, https:\/\/amigosdeltambor.org\/wp-content\/uploads\/2024\/02\/IMG_7661-225x300.jpg 225w, https:\/\/amigosdeltambor.org\/wp-content\/uploads\/2024\/02\/IMG_7661-1152x1536.jpg 1152w, https:\/\/amigosdeltambor.org\/wp-content\/uploads\/2024\/02\/IMG_7661-1536x2048.jpg 1536w, https:\/\/amigosdeltambor.org\/wp-content\/uploads\/2024\/02\/IMG_7661-scaled.jpg 1920w\" sizes=\"(max-width: 768px) 100vw, 768px\" \/><\/figure>\n\n\n\n<figure class=\"wp-block-image size-large\"><img decoding=\"async\" width=\"1024\" height=\"768\" data-id=\"3177\" src=\"https:\/\/amigosdeltambor.org\/wp-content\/uploads\/2024\/02\/IMG_7662-1-1024x768.jpg\" alt=\"\" class=\"wp-image-3177\" title=\"\" srcset=\"https:\/\/amigosdeltambor.org\/wp-content\/uploads\/2024\/02\/IMG_7662-1-1024x768.jpg 1024w, https:\/\/amigosdeltambor.org\/wp-content\/uploads\/2024\/02\/IMG_7662-1-300x225.jpg 300w, https:\/\/amigosdeltambor.org\/wp-content\/uploads\/2024\/02\/IMG_7662-1-768x576.jpg 768w, https:\/\/amigosdeltambor.org\/wp-content\/uploads\/2024\/02\/IMG_7662-1-1536x1152.jpg 1536w, https:\/\/amigosdeltambor.org\/wp-content\/uploads\/2024\/02\/IMG_7662-1-2048x1536.jpg 2048w\" sizes=\"(max-width: 1024px) 100vw, 1024px\" \/><\/figure>\n\n\n\n<figure class=\"wp-block-image size-large\"><img decoding=\"async\" width=\"1024\" height=\"768\" data-id=\"3173\" src=\"https:\/\/amigosdeltambor.org\/wp-content\/uploads\/2024\/02\/IMG_6229-1-1024x768.jpg\" alt=\"\" class=\"wp-image-3173\" title=\"\" srcset=\"https:\/\/amigosdeltambor.org\/wp-content\/uploads\/2024\/02\/IMG_6229-1-1024x768.jpg 1024w, https:\/\/amigosdeltambor.org\/wp-content\/uploads\/2024\/02\/IMG_6229-1-300x225.jpg 300w, https:\/\/amigosdeltambor.org\/wp-content\/uploads\/2024\/02\/IMG_6229-1-768x576.jpg 768w, https:\/\/amigosdeltambor.org\/wp-content\/uploads\/2024\/02\/IMG_6229-1-1536x1152.jpg 1536w, https:\/\/amigosdeltambor.org\/wp-content\/uploads\/2024\/02\/IMG_6229-1-2048x1536.jpg 2048w\" sizes=\"(max-width: 1024px) 100vw, 1024px\" \/><\/figure>\n<\/figure>\n\n\n\n<div class=\"wp-block-buttons is-content-justification-center is-layout-flex wp-container-core-buttons-is-layout-a89b3969 wp-block-buttons-is-layout-flex\">\n<div class=\"wp-block-button\"><a class=\"wp-block-button__link wp-element-button\" href=\"https:\/\/amigosdeltambor.org\/en\/galeria_fotos\/feria-de-albacete-2023\/(abre en una nueva pesta\u00f1a)\/\" target=\"_blank\" rel=\"noreferrer noopener\">MORE PHOTOS<\/a><\/div>\n<\/div>","protected":false},"featured_media":3171,"template":"","class_list":["post-3195","actividad_asociacion","type-actividad_asociacion","status-publish","has-post-thumbnail","hentry"],"acf":[],"uagb_featured_image_src":{"full":["https:\/\/amigosdeltambor.org\/wp-content\/uploads\/2024\/02\/IMG_6250-2-scaled.jpg",1920,2560,false],"thumbnail":["https:\/\/amigosdeltambor.org\/wp-content\/uploads\/2024\/02\/IMG_6250-2-150x150.jpg",150,150,true],"medium":["https:\/\/amigosdeltambor.org\/wp-content\/uploads\/2024\/02\/IMG_6250-2-225x300.jpg",225,300,true],"medium_large":["https:\/\/amigosdeltambor.org\/wp-content\/uploads\/2024\/02\/IMG_6250-2-768x1024.jpg",768,1024,true],"large":["https:\/\/amigosdeltambor.org\/wp-content\/uploads\/2024\/02\/IMG_6250-2-768x1024.jpg",768,1024,true],"1536x1536":["https:\/\/amigosdeltambor.org\/wp-content\/uploads\/2024\/02\/IMG_6250-2-1152x1536.jpg",1152,1536,true],"2048x2048":["https:\/\/amigosdeltambor.org\/wp-content\/uploads\/2024\/02\/IMG_6250-2-1536x2048.jpg",1536,2048,true],"trp-custom-language-flag":["https:\/\/amigosdeltambor.org\/wp-content\/uploads\/2024\/02\/IMG_6250-2-scaled.jpg",9,12,false]},"uagb_author_info":{"display_name":"SARA PUCHE SORIANO","author_link":"https:\/\/amigosdeltambor.org\/en\/author\/"},"uagb_comment_info":0,"uagb_excerpt":"El 17 de septiembre, en el \u00faltimo d\u00eda de la feria de Albacete, estuvimos presentes junto a representantes de nuestro ayuntamiento y otras localidades en la exposici\u00f3n de artesan\u00eda que se llev\u00f3 a cabo en la feria mostrando uno de los tambores joya m\u00e1s bonitos del mundo. Representados, como no pod\u00eda ser de otra forma,&hellip;","_links":{"self":[{"href":"https:\/\/amigosdeltambor.org\/en\/wp-json\/wp\/v2\/actividad_asociacion\/3195","targetHints":{"allow":["GET"]}}],"collection":[{"href":"https:\/\/amigosdeltambor.org\/en\/wp-json\/wp\/v2\/actividad_asociacion"}],"about":[{"href":"https:\/\/amigosdeltambor.org\/en\/wp-json\/wp\/v2\/types\/actividad_asociacion"}],"wp:featuredmedia":[{"embeddable":true,"href":"https:\/\/amigosdeltambor.org\/en\/wp-json\/wp\/v2\/media\/3171"}],"wp:attachment":[{"href":"https:\/\/amigosdeltambor.org\/en\/wp-json\/wp\/v2\/media?parent=3195"}],"curies":[{"name":"wp","href":"https:\/\/api.w.org\/{rel}","templated":true}]}}

<p>On 17 September, on the last day of the Albacete fair, we were present along with representatives of our town council and other localities at the exhibition of crafts that took place at the fair showing one of the most beautiful jewel drums in the world. Represented, as it could not be otherwise, by the hand of our beloved “El Casón”.</p>



<figure class="wp-block-gallery has-nested-images columns-default is-cropped wp-block-gallery-1 is-layout-flex wp-block-gallery-is-layout-flex">
<figure class="wp-block-image size-large"><img fetchpriority="high" decoding="async" width="768" height="1024" data-id="3176" src="https://amigosdeltambor.org/wp-content/uploads/2024/02/IMG_7661-768x1024.jpg" alt="" class="wp-image-3176" title="" srcset="https://amigosdeltambor.org/wp-content/uploads/2024/02/IMG_7661-768x1024.jpg 768w, https://amigosdeltambor.org/wp-content/uploads/2024/02/IMG_7661-225x300.jpg 225w, https://amigosdeltambor.org/wp-content/uploads/2024/02/IMG_7661-1152x1536.jpg 1152w, https://amigosdeltambor.org/wp-content/uploads/2024/02/IMG_7661-1536x2048.jpg 1536w, https://amigosdeltambor.org/wp-content/uploads/2024/02/IMG_7661-scaled.jpg 1920w" sizes="(max-width: 768px) 100vw, 768px" /></figure>



<figure class="wp-block-image size-large"><img decoding="async" width="1024" height="768" data-id="3177" src="https://amigosdeltambor.org/wp-content/uploads/2024/02/IMG_7662-1-1024x768.jpg" alt="" class="wp-image-3177" title="" srcset="https://amigosdeltambor.org/wp-content/uploads/2024/02/IMG_7662-1-1024x768.jpg 1024w, https://amigosdeltambor.org/wp-content/uploads/2024/02/IMG_7662-1-300x225.jpg 300w, https://amigosdeltambor.org/wp-content/uploads/2024/02/IMG_7662-1-768x576.jpg 768w, https://amigosdeltambor.org/wp-content/uploads/2024/02/IMG_7662-1-1536x1152.jpg 1536w, https://amigosdeltambor.org/wp-content/uploads/2024/02/IMG_7662-1-2048x1536.jpg 2048w" sizes="(max-width: 1024px) 100vw, 1024px" /></figure>



<figure class="wp-block-image size-large"><img decoding="async" width="1024" height="768" data-id="3173" src="https://amigosdeltambor.org/wp-content/uploads/2024/02/IMG_6229-1-1024x768.jpg" alt="" class="wp-image-3173" title="" srcset="https://amigosdeltambor.org/wp-content/uploads/2024/02/IMG_6229-1-1024x768.jpg 1024w, https://amigosdeltambor.org/wp-content/uploads/2024/02/IMG_6229-1-300x225.jpg 300w, https://amigosdeltambor.org/wp-content/uploads/2024/02/IMG_6229-1-768x576.jpg 768w, https://amigosdeltambor.org/wp-content/uploads/2024/02/IMG_6229-1-1536x1152.jpg 1536w, https://amigosdeltambor.org/wp-content/uploads/2024/02/IMG_6229-1-2048x1536.jpg 2048w" sizes="(max-width: 1024px) 100vw, 1024px" /></figure>
</figure>



<div class="wp-block-buttons is-content-justification-center is-layout-flex wp-container-core-buttons-is-layout-a89b3969 wp-block-buttons-is-layout-flex">
<div class="wp-block-button"><a class="wp-block-button__link wp-element-button" href="https://amigosdeltambor.org/en/galeria_fotos/feria-de-albacete-2023/(abre en una nueva pestaña)/" target="_blank" rel="noreferrer noopener">MORE PHOTOS</a></div>
</div>

El 17 de septiembre, en el último día de la feria de Albacete, estuvimos presentes junto a representantes de nuestro ayuntamiento y otras localidades en la exposición de artesanía que se llevó a cabo en la feria mostrando uno de los tambores joya más bonitos del mundo. Representados, como no podía ser de otra forma,&hellip;
