{"id":3197,"date":"2024-02-08T19:38:24","date_gmt":"2024-02-08T18:38:24","guid":{"rendered":"https:\/\/amigosdeltambor.org\/?post_type=actividad_asociacion&#038;p=3197"},"modified":"2024-02-08T19:38:26","modified_gmt":"2024-02-08T18:38:26","slug":"i-encuentro-tambores-del-sur-mula-2023","status":"publish","type":"actividad_asociacion","link":"https:\/\/amigosdeltambor.org\/en\/actividad_asociacion\/i-tambores-del-sur-meeting-mula-2023\/","title":{"rendered":"I Encounter Drums of the South - Mula - 2023"},"content":{"rendered":"<p>On 21 October 2023 we were at the first meeting of drummers from the towns of the south, organised by Mula, the municipality that initiated the Jornadas Nacionales de Exaltaci\u00f3n al tambor y al Bombo (National Drum and Bass Drum Festival), which this year celebrated its 40th anniversary.<\/p>\n\n\n\n<figure class=\"wp-block-gallery has-nested-images columns-default is-cropped wp-block-gallery-1 is-layout-flex wp-block-gallery-is-layout-flex\">\n<figure class=\"wp-block-image size-large\"><img fetchpriority=\"high\" decoding=\"async\" width=\"768\" height=\"1024\" data-id=\"3157\" src=\"https:\/\/amigosdeltambor.org\/wp-content\/uploads\/2024\/02\/IMG_0208-768x1024.jpg\" alt=\"\" class=\"wp-image-3157\" title=\"\" srcset=\"https:\/\/amigosdeltambor.org\/wp-content\/uploads\/2024\/02\/IMG_0208-768x1024.jpg 768w, https:\/\/amigosdeltambor.org\/wp-content\/uploads\/2024\/02\/IMG_0208-225x300.jpg 225w, https:\/\/amigosdeltambor.org\/wp-content\/uploads\/2024\/02\/IMG_0208-1152x1536.jpg 1152w, https:\/\/amigosdeltambor.org\/wp-content\/uploads\/2024\/02\/IMG_0208-1536x2048.jpg 1536w, https:\/\/amigosdeltambor.org\/wp-content\/uploads\/2024\/02\/IMG_0208-scaled.jpg 1920w\" sizes=\"(max-width: 768px) 100vw, 768px\" \/><\/figure>\n\n\n\n<figure class=\"wp-block-image size-large\"><img decoding=\"async\" width=\"768\" height=\"1024\" data-id=\"3153\" src=\"https:\/\/amigosdeltambor.org\/wp-content\/uploads\/2024\/02\/IMG_0183-768x1024.jpg\" alt=\"\" class=\"wp-image-3153\" title=\"\" srcset=\"https:\/\/amigosdeltambor.org\/wp-content\/uploads\/2024\/02\/IMG_0183-768x1024.jpg 768w, https:\/\/amigosdeltambor.org\/wp-content\/uploads\/2024\/02\/IMG_0183-225x300.jpg 225w, https:\/\/amigosdeltambor.org\/wp-content\/uploads\/2024\/02\/IMG_0183-1152x1536.jpg 1152w, https:\/\/amigosdeltambor.org\/wp-content\/uploads\/2024\/02\/IMG_0183-1536x2048.jpg 1536w, https:\/\/amigosdeltambor.org\/wp-content\/uploads\/2024\/02\/IMG_0183-scaled.jpg 1920w\" sizes=\"(max-width: 768px) 100vw, 768px\" \/><\/figure>\n\n\n\n<figure class=\"wp-block-image size-large\"><img decoding=\"async\" width=\"1024\" height=\"768\" data-id=\"3147\" src=\"https:\/\/amigosdeltambor.org\/wp-content\/uploads\/2024\/02\/IMG_0190-1024x768.jpg\" alt=\"\" class=\"wp-image-3147\" title=\"\" srcset=\"https:\/\/amigosdeltambor.org\/wp-content\/uploads\/2024\/02\/IMG_0190-1024x768.jpg 1024w, https:\/\/amigosdeltambor.org\/wp-content\/uploads\/2024\/02\/IMG_0190-300x225.jpg 300w, https:\/\/amigosdeltambor.org\/wp-content\/uploads\/2024\/02\/IMG_0190-768x576.jpg 768w, https:\/\/amigosdeltambor.org\/wp-content\/uploads\/2024\/02\/IMG_0190-1536x1152.jpg 1536w, https:\/\/amigosdeltambor.org\/wp-content\/uploads\/2024\/02\/IMG_0190-2048x1536.jpg 2048w\" sizes=\"(max-width: 1024px) 100vw, 1024px\" \/><\/figure>\n<\/figure>\n\n\n\n<div class=\"wp-block-buttons is-content-justification-center is-layout-flex wp-container-core-buttons-is-layout-a89b3969 wp-block-buttons-is-layout-flex\">\n<div class=\"wp-block-button\"><a class=\"wp-block-button__link wp-element-button\" href=\"https:\/\/amigosdeltambor.org\/en\/galeria_fotos\/i-encuentro-tamborilero-del-sur-mula\/(abre en una nueva pesta\u00f1a)\/\" target=\"_blank\" rel=\"noreferrer noopener\">MORE PHOTOS<\/a><\/div>\n<\/div>","protected":false},"featured_media":3153,"template":"","class_list":["post-3197","actividad_asociacion","type-actividad_asociacion","status-publish","has-post-thumbnail","hentry"],"acf":[],"uagb_featured_image_src":{"full":["https:\/\/amigosdeltambor.org\/wp-content\/uploads\/2024\/02\/IMG_0183-scaled.jpg",1920,2560,false],"thumbnail":["https:\/\/amigosdeltambor.org\/wp-content\/uploads\/2024\/02\/IMG_0183-150x150.jpg",150,150,true],"medium":["https:\/\/amigosdeltambor.org\/wp-content\/uploads\/2024\/02\/IMG_0183-225x300.jpg",225,300,true],"medium_large":["https:\/\/amigosdeltambor.org\/wp-content\/uploads\/2024\/02\/IMG_0183-768x1024.jpg",768,1024,true],"large":["https:\/\/amigosdeltambor.org\/wp-content\/uploads\/2024\/02\/IMG_0183-768x1024.jpg",768,1024,true],"1536x1536":["https:\/\/amigosdeltambor.org\/wp-content\/uploads\/2024\/02\/IMG_0183-1152x1536.jpg",1152,1536,true],"2048x2048":["https:\/\/amigosdeltambor.org\/wp-content\/uploads\/2024\/02\/IMG_0183-1536x2048.jpg",1536,2048,true],"trp-custom-language-flag":["https:\/\/amigosdeltambor.org\/wp-content\/uploads\/2024\/02\/IMG_0183-scaled.jpg",9,12,false]},"uagb_author_info":{"display_name":"SARA PUCHE SORIANO","author_link":"https:\/\/amigosdeltambor.org\/en\/author\/"},"uagb_comment_info":0,"uagb_excerpt":"El 21 de octubre de 2023 estuvimos en el primer encuentro tamborilero de los pueblos del sur, organizado por Mula, municipio que inici\u00f3 las Jornadas Nacionales de Exaltaci\u00f3n al tambor y al Bombo y que este a\u00f1o cumpl\u00eda su 40 aniversario.","_links":{"self":[{"href":"https:\/\/amigosdeltambor.org\/en\/wp-json\/wp\/v2\/actividad_asociacion\/3197","targetHints":{"allow":["GET"]}}],"collection":[{"href":"https:\/\/amigosdeltambor.org\/en\/wp-json\/wp\/v2\/actividad_asociacion"}],"about":[{"href":"https:\/\/amigosdeltambor.org\/en\/wp-json\/wp\/v2\/types\/actividad_asociacion"}],"wp:featuredmedia":[{"embeddable":true,"href":"https:\/\/amigosdeltambor.org\/en\/wp-json\/wp\/v2\/media\/3153"}],"wp:attachment":[{"href":"https:\/\/amigosdeltambor.org\/en\/wp-json\/wp\/v2\/media?parent=3197"}],"curies":[{"name":"wp","href":"https:\/\/api.w.org\/{rel}","templated":true}]}}

<p>On 21 October 2023 we were at the first meeting of drummers from the towns of the south, organised by Mula, the municipality that initiated the Jornadas Nacionales de Exaltación al tambor y al Bombo (National Drum and Bass Drum Festival), which this year celebrated its 40th anniversary.</p>



<figure class="wp-block-gallery has-nested-images columns-default is-cropped wp-block-gallery-1 is-layout-flex wp-block-gallery-is-layout-flex">
<figure class="wp-block-image size-large"><img fetchpriority="high" decoding="async" width="768" height="1024" data-id="3157" src="https://amigosdeltambor.org/wp-content/uploads/2024/02/IMG_0208-768x1024.jpg" alt="" class="wp-image-3157" title="" srcset="https://amigosdeltambor.org/wp-content/uploads/2024/02/IMG_0208-768x1024.jpg 768w, https://amigosdeltambor.org/wp-content/uploads/2024/02/IMG_0208-225x300.jpg 225w, https://amigosdeltambor.org/wp-content/uploads/2024/02/IMG_0208-1152x1536.jpg 1152w, https://amigosdeltambor.org/wp-content/uploads/2024/02/IMG_0208-1536x2048.jpg 1536w, https://amigosdeltambor.org/wp-content/uploads/2024/02/IMG_0208-scaled.jpg 1920w" sizes="(max-width: 768px) 100vw, 768px" /></figure>



<figure class="wp-block-image size-large"><img decoding="async" width="768" height="1024" data-id="3153" src="https://amigosdeltambor.org/wp-content/uploads/2024/02/IMG_0183-768x1024.jpg" alt="" class="wp-image-3153" title="" srcset="https://amigosdeltambor.org/wp-content/uploads/2024/02/IMG_0183-768x1024.jpg 768w, https://amigosdeltambor.org/wp-content/uploads/2024/02/IMG_0183-225x300.jpg 225w, https://amigosdeltambor.org/wp-content/uploads/2024/02/IMG_0183-1152x1536.jpg 1152w, https://amigosdeltambor.org/wp-content/uploads/2024/02/IMG_0183-1536x2048.jpg 1536w, https://amigosdeltambor.org/wp-content/uploads/2024/02/IMG_0183-scaled.jpg 1920w" sizes="(max-width: 768px) 100vw, 768px" /></figure>



<figure class="wp-block-image size-large"><img decoding="async" width="1024" height="768" data-id="3147" src="https://amigosdeltambor.org/wp-content/uploads/2024/02/IMG_0190-1024x768.jpg" alt="" class="wp-image-3147" title="" srcset="https://amigosdeltambor.org/wp-content/uploads/2024/02/IMG_0190-1024x768.jpg 1024w, https://amigosdeltambor.org/wp-content/uploads/2024/02/IMG_0190-300x225.jpg 300w, https://amigosdeltambor.org/wp-content/uploads/2024/02/IMG_0190-768x576.jpg 768w, https://amigosdeltambor.org/wp-content/uploads/2024/02/IMG_0190-1536x1152.jpg 1536w, https://amigosdeltambor.org/wp-content/uploads/2024/02/IMG_0190-2048x1536.jpg 2048w" sizes="(max-width: 1024px) 100vw, 1024px" /></figure>
</figure>



<div class="wp-block-buttons is-content-justification-center is-layout-flex wp-container-core-buttons-is-layout-a89b3969 wp-block-buttons-is-layout-flex">
<div class="wp-block-button"><a class="wp-block-button__link wp-element-button" href="https://amigosdeltambor.org/en/galeria_fotos/i-encuentro-tamborilero-del-sur-mula/(abre en una nueva pestaña)/" target="_blank" rel="noreferrer noopener">MORE PHOTOS</a></div>
</div>

El 21 de octubre de 2023 estuvimos en el primer encuentro tamborilero de los pueblos del sur, organizado por Mula, municipio que inició las Jornadas Nacionales de Exaltación al tambor y al Bombo y que este año cumplía su 40 aniversario.
