{"id":805,"date":"2022-03-29T21:23:05","date_gmt":"2022-03-29T21:23:05","guid":{"rendered":"https:\/\/amigosdeltambor.org\/?post_type=tobart&#038;p=805"},"modified":"2022-04-01T08:51:53","modified_gmt":"2022-04-01T08:51:53","slug":"tobart-2015","status":"publish","type":"tobart","link":"https:\/\/amigosdeltambor.org\/en\/tobart\/tobart-2015\/","title":{"rendered":"Tob'Art 2015"},"content":{"rendered":"<figure class=\"wp-block-gallery has-nested-images columns-default is-cropped wp-block-gallery-1 is-layout-flex wp-block-gallery-is-layout-flex\">\n<figure class=\"wp-block-image size-large\"><a href=\"https:\/\/amigosdeltambor.org\/wp-content\/uploads\/2022\/03\/V-Muestra-de-Artesania-2015-85-scaled.jpg\"><img fetchpriority=\"high\" decoding=\"async\" width=\"768\" height=\"1024\" data-id=\"874\" src=\"https:\/\/amigosdeltambor.org\/wp-content\/uploads\/2022\/03\/V-Muestra-de-Artesania-2015-85-768x1024.jpg\" alt=\"\" class=\"wp-image-874\" title=\"\" srcset=\"https:\/\/amigosdeltambor.org\/wp-content\/uploads\/2022\/03\/V-Muestra-de-Artesania-2015-85-768x1024.jpg 768w, https:\/\/amigosdeltambor.org\/wp-content\/uploads\/2022\/03\/V-Muestra-de-Artesania-2015-85-225x300.jpg 225w, https:\/\/amigosdeltambor.org\/wp-content\/uploads\/2022\/03\/V-Muestra-de-Artesania-2015-85-1152x1536.jpg 1152w, https:\/\/amigosdeltambor.org\/wp-content\/uploads\/2022\/03\/V-Muestra-de-Artesania-2015-85-1536x2048.jpg 1536w, https:\/\/amigosdeltambor.org\/wp-content\/uploads\/2022\/03\/V-Muestra-de-Artesania-2015-85-scaled.jpg 1920w\" sizes=\"(max-width: 768px) 100vw, 768px\" \/><\/a><\/figure>\n\n\n\n<figure class=\"wp-block-image size-large\"><a href=\"https:\/\/amigosdeltambor.org\/wp-content\/uploads\/2022\/03\/V-Muestra-de-Artesania-2015-90-scaled.jpg\"><img decoding=\"async\" width=\"1024\" height=\"768\" data-id=\"877\" src=\"https:\/\/amigosdeltambor.org\/wp-content\/uploads\/2022\/03\/V-Muestra-de-Artesania-2015-90-1024x768.jpg\" alt=\"\" class=\"wp-image-877\" title=\"\" srcset=\"https:\/\/amigosdeltambor.org\/wp-content\/uploads\/2022\/03\/V-Muestra-de-Artesania-2015-90-1024x768.jpg 1024w, https:\/\/amigosdeltambor.org\/wp-content\/uploads\/2022\/03\/V-Muestra-de-Artesania-2015-90-300x225.jpg 300w, https:\/\/amigosdeltambor.org\/wp-content\/uploads\/2022\/03\/V-Muestra-de-Artesania-2015-90-768x576.jpg 768w, https:\/\/amigosdeltambor.org\/wp-content\/uploads\/2022\/03\/V-Muestra-de-Artesania-2015-90-1536x1152.jpg 1536w, https:\/\/amigosdeltambor.org\/wp-content\/uploads\/2022\/03\/V-Muestra-de-Artesania-2015-90-2048x1536.jpg 2048w\" sizes=\"(max-width: 1024px) 100vw, 1024px\" \/><\/a><\/figure>\n\n\n\n<figure class=\"wp-block-image size-large\"><a href=\"https:\/\/amigosdeltambor.org\/wp-content\/uploads\/2022\/03\/V-Muestra-de-Artesania-2015-100-scaled.jpg\"><img decoding=\"async\" width=\"1024\" height=\"768\" data-id=\"872\" src=\"https:\/\/amigosdeltambor.org\/wp-content\/uploads\/2022\/03\/V-Muestra-de-Artesania-2015-100-1024x768.jpg\" alt=\"\" class=\"wp-image-872\" title=\"\" srcset=\"https:\/\/amigosdeltambor.org\/wp-content\/uploads\/2022\/03\/V-Muestra-de-Artesania-2015-100-1024x768.jpg 1024w, https:\/\/amigosdeltambor.org\/wp-content\/uploads\/2022\/03\/V-Muestra-de-Artesania-2015-100-300x225.jpg 300w, https:\/\/amigosdeltambor.org\/wp-content\/uploads\/2022\/03\/V-Muestra-de-Artesania-2015-100-768x576.jpg 768w, https:\/\/amigosdeltambor.org\/wp-content\/uploads\/2022\/03\/V-Muestra-de-Artesania-2015-100-1536x1152.jpg 1536w, https:\/\/amigosdeltambor.org\/wp-content\/uploads\/2022\/03\/V-Muestra-de-Artesania-2015-100-2048x1536.jpg 2048w\" sizes=\"(max-width: 1024px) 100vw, 1024px\" \/><\/a><\/figure>\n\n\n\n<figure class=\"wp-block-image size-large\"><a href=\"https:\/\/amigosdeltambor.org\/wp-content\/uploads\/2022\/03\/V-Muestra-de-Artesania-2015-120-scaled.jpg\"><img loading=\"lazy\" decoding=\"async\" width=\"1024\" height=\"768\" data-id=\"873\" src=\"https:\/\/amigosdeltambor.org\/wp-content\/uploads\/2022\/03\/V-Muestra-de-Artesania-2015-120-1024x768.jpg\" alt=\"\" class=\"wp-image-873\" title=\"\" srcset=\"https:\/\/amigosdeltambor.org\/wp-content\/uploads\/2022\/03\/V-Muestra-de-Artesania-2015-120-1024x768.jpg 1024w, https:\/\/amigosdeltambor.org\/wp-content\/uploads\/2022\/03\/V-Muestra-de-Artesania-2015-120-300x225.jpg 300w, https:\/\/amigosdeltambor.org\/wp-content\/uploads\/2022\/03\/V-Muestra-de-Artesania-2015-120-768x576.jpg 768w, https:\/\/amigosdeltambor.org\/wp-content\/uploads\/2022\/03\/V-Muestra-de-Artesania-2015-120-1536x1152.jpg 1536w, https:\/\/amigosdeltambor.org\/wp-content\/uploads\/2022\/03\/V-Muestra-de-Artesania-2015-120-2048x1536.jpg 2048w\" sizes=\"(max-width: 1024px) 100vw, 1024px\" \/><\/a><\/figure>\n\n\n\n<figure class=\"wp-block-image size-large\"><a href=\"https:\/\/amigosdeltambor.org\/wp-content\/uploads\/2022\/03\/V-Muestra-de-Artesania-2015-143-scaled.jpg\"><img loading=\"lazy\" decoding=\"async\" width=\"1024\" height=\"768\" data-id=\"875\" src=\"https:\/\/amigosdeltambor.org\/wp-content\/uploads\/2022\/03\/V-Muestra-de-Artesania-2015-143-1024x768.jpg\" alt=\"\" class=\"wp-image-875\" title=\"\" srcset=\"https:\/\/amigosdeltambor.org\/wp-content\/uploads\/2022\/03\/V-Muestra-de-Artesania-2015-143-1024x768.jpg 1024w, https:\/\/amigosdeltambor.org\/wp-content\/uploads\/2022\/03\/V-Muestra-de-Artesania-2015-143-300x225.jpg 300w, https:\/\/amigosdeltambor.org\/wp-content\/uploads\/2022\/03\/V-Muestra-de-Artesania-2015-143-768x576.jpg 768w, https:\/\/amigosdeltambor.org\/wp-content\/uploads\/2022\/03\/V-Muestra-de-Artesania-2015-143-1536x1152.jpg 1536w, https:\/\/amigosdeltambor.org\/wp-content\/uploads\/2022\/03\/V-Muestra-de-Artesania-2015-143-2048x1536.jpg 2048w\" sizes=\"(max-width: 1024px) 100vw, 1024px\" \/><\/a><\/figure>\n\n\n\n<figure class=\"wp-block-image size-large\"><a href=\"https:\/\/amigosdeltambor.org\/wp-content\/uploads\/2022\/03\/V-Muestra-de-Artesania-2015-167-scaled.jpg\"><img loading=\"lazy\" decoding=\"async\" width=\"1024\" height=\"768\" data-id=\"876\" src=\"https:\/\/amigosdeltambor.org\/wp-content\/uploads\/2022\/03\/V-Muestra-de-Artesania-2015-167-1024x768.jpg\" alt=\"\" class=\"wp-image-876\" title=\"\" srcset=\"https:\/\/amigosdeltambor.org\/wp-content\/uploads\/2022\/03\/V-Muestra-de-Artesania-2015-167-1024x768.jpg 1024w, https:\/\/amigosdeltambor.org\/wp-content\/uploads\/2022\/03\/V-Muestra-de-Artesania-2015-167-300x225.jpg 300w, https:\/\/amigosdeltambor.org\/wp-content\/uploads\/2022\/03\/V-Muestra-de-Artesania-2015-167-768x576.jpg 768w, https:\/\/amigosdeltambor.org\/wp-content\/uploads\/2022\/03\/V-Muestra-de-Artesania-2015-167-1536x1152.jpg 1536w, https:\/\/amigosdeltambor.org\/wp-content\/uploads\/2022\/03\/V-Muestra-de-Artesania-2015-167-2048x1536.jpg 2048w\" sizes=\"(max-width: 1024px) 100vw, 1024px\" \/><\/a><\/figure>\n\n\n\n<figure class=\"wp-block-image size-large\"><a href=\"https:\/\/amigosdeltambor.org\/wp-content\/uploads\/2022\/03\/V-Muestra-de-Artesania-2015-214.jpg\"><img loading=\"lazy\" decoding=\"async\" width=\"960\" height=\"720\" data-id=\"871\" src=\"https:\/\/amigosdeltambor.org\/wp-content\/uploads\/2022\/03\/V-Muestra-de-Artesania-2015-214.jpg\" alt=\"\" class=\"wp-image-871\" title=\"\" srcset=\"https:\/\/amigosdeltambor.org\/wp-content\/uploads\/2022\/03\/V-Muestra-de-Artesania-2015-214.jpg 960w, https:\/\/amigosdeltambor.org\/wp-content\/uploads\/2022\/03\/V-Muestra-de-Artesania-2015-214-300x225.jpg 300w, https:\/\/amigosdeltambor.org\/wp-content\/uploads\/2022\/03\/V-Muestra-de-Artesania-2015-214-768x576.jpg 768w\" sizes=\"(max-width: 960px) 100vw, 960px\" \/><\/a><\/figure>\n<\/figure>\n\n\n\n<p>On 21 and 22 March, in the bullring, we met again on the occasion of the 7th edition of the <em>Tob'Art<\/em>. We repeated the programme almost in its entirety, including the children's workshop and the Lenten concert. This year the event was supported by the <em>Brotherhood of Our Father Jesus of Nazareth<\/em>, commemorating the 75th anniversary of the arrival of the new image in Tobarra.<br>Among the participants in the drum exhibition (local and foreign drum groups, individual drummers, children's and adult drum schools,...), were <em>Peo&amp;Perd\u00edos\/Zaragata<\/em>, who were the delegation in charge of representing us in Jumilla, the organising municipality for the <em>Drum and Bass Drum Exaltation Days of that year<\/em>.<\/p>\n\n\n\n<div class=\"wp-block-columns is-layout-flex wp-container-core-columns-is-layout-28f84493 wp-block-columns-is-layout-flex\">\n<div class=\"wp-block-column is-layout-flow wp-block-column-is-layout-flow\">\n<div class=\"wp-block-buttons is-content-justification-right is-layout-flex wp-container-core-buttons-is-layout-d445cf74 wp-block-buttons-is-layout-flex\">\n<div class=\"wp-block-button\"><a class=\"wp-block-button__link\" href=\"https:\/\/amigosdeltambor.org\/en\/tobart\/tobart-2014\/\">2014<\/a><\/div>\n<\/div>\n<\/div>\n\n\n\n<div class=\"wp-block-column is-layout-flow wp-block-column-is-layout-flow\">\n<div class=\"wp-block-buttons is-layout-flex wp-block-buttons-is-layout-flex\">\n<div class=\"wp-block-button\"><a class=\"wp-block-button__link\" href=\"https:\/\/amigosdeltambor.org\/en\/tobart\/tobart-2016\/\">2016<\/a><\/div>\n<\/div>\n<\/div>\n<\/div>\n\n\n\n<div class=\"wp-block-buttons is-layout-flex wp-block-buttons-is-layout-flex\">\n<div class=\"wp-block-button is-style-outline is-style-outline--2\"><a class=\"wp-block-button__link\" href=\"https:\/\/amigosdeltambor.org\/en\/galeria_fotos\/vii-tobart-crafts-exhibition-2015\/\">SEE MORE PHOTOS<\/a><\/div>\n<\/div>","protected":false},"featured_media":0,"template":"","class_list":["post-805","tobart","type-tobart","status-publish","hentry"],"acf":[],"uagb_featured_image_src":{"full":false,"thumbnail":false,"medium":false,"medium_large":false,"large":false,"1536x1536":false,"2048x2048":false,"trp-custom-language-flag":false},"uagb_author_info":{"display_name":"JUAN JOSE MARTINEZ OTALORA","author_link":"https:\/\/amigosdeltambor.org\/en\/author\/"},"uagb_comment_info":0,"uagb_excerpt":"Los d\u00edas 21 y 22 de marzo, en la plaza de toros, nos volvimos a reunir con motivo de la VII edici\u00f3n de Tob\u2019Art. Repetimos programa casi en su totalidad, incluyendo el taller infantil y el concierto de Cuaresma. Este a\u00f1o colabor\u00f3 en dicho evento la Cofrad\u00eda de Ntro. Padre Jes\u00fas Nazareno, que conmemoraba el&hellip;","_links":{"self":[{"href":"https:\/\/amigosdeltambor.org\/en\/wp-json\/wp\/v2\/tobart\/805","targetHints":{"allow":["GET"]}}],"collection":[{"href":"https:\/\/amigosdeltambor.org\/en\/wp-json\/wp\/v2\/tobart"}],"about":[{"href":"https:\/\/amigosdeltambor.org\/en\/wp-json\/wp\/v2\/types\/tobart"}],"wp:attachment":[{"href":"https:\/\/amigosdeltambor.org\/en\/wp-json\/wp\/v2\/media?parent=805"}],"curies":[{"name":"wp","href":"https:\/\/api.w.org\/{rel}","templated":true}]}}

<figure class="wp-block-gallery has-nested-images columns-default is-cropped wp-block-gallery-1 is-layout-flex wp-block-gallery-is-layout-flex">
<figure class="wp-block-image size-large"><a href="https://amigosdeltambor.org/wp-content/uploads/2022/03/V-Muestra-de-Artesania-2015-85-scaled.jpg"><img fetchpriority="high" decoding="async" width="768" height="1024" data-id="874" src="https://amigosdeltambor.org/wp-content/uploads/2022/03/V-Muestra-de-Artesania-2015-85-768x1024.jpg" alt="" class="wp-image-874" title="" srcset="https://amigosdeltambor.org/wp-content/uploads/2022/03/V-Muestra-de-Artesania-2015-85-768x1024.jpg 768w, https://amigosdeltambor.org/wp-content/uploads/2022/03/V-Muestra-de-Artesania-2015-85-225x300.jpg 225w, https://amigosdeltambor.org/wp-content/uploads/2022/03/V-Muestra-de-Artesania-2015-85-1152x1536.jpg 1152w, https://amigosdeltambor.org/wp-content/uploads/2022/03/V-Muestra-de-Artesania-2015-85-1536x2048.jpg 1536w, https://amigosdeltambor.org/wp-content/uploads/2022/03/V-Muestra-de-Artesania-2015-85-scaled.jpg 1920w" sizes="(max-width: 768px) 100vw, 768px" /></a></figure>



<figure class="wp-block-image size-large"><a href="https://amigosdeltambor.org/wp-content/uploads/2022/03/V-Muestra-de-Artesania-2015-90-scaled.jpg"><img decoding="async" width="1024" height="768" data-id="877" src="https://amigosdeltambor.org/wp-content/uploads/2022/03/V-Muestra-de-Artesania-2015-90-1024x768.jpg" alt="" class="wp-image-877" title="" srcset="https://amigosdeltambor.org/wp-content/uploads/2022/03/V-Muestra-de-Artesania-2015-90-1024x768.jpg 1024w, https://amigosdeltambor.org/wp-content/uploads/2022/03/V-Muestra-de-Artesania-2015-90-300x225.jpg 300w, https://amigosdeltambor.org/wp-content/uploads/2022/03/V-Muestra-de-Artesania-2015-90-768x576.jpg 768w, https://amigosdeltambor.org/wp-content/uploads/2022/03/V-Muestra-de-Artesania-2015-90-1536x1152.jpg 1536w, https://amigosdeltambor.org/wp-content/uploads/2022/03/V-Muestra-de-Artesania-2015-90-2048x1536.jpg 2048w" sizes="(max-width: 1024px) 100vw, 1024px" /></a></figure>



<figure class="wp-block-image size-large"><a href="https://amigosdeltambor.org/wp-content/uploads/2022/03/V-Muestra-de-Artesania-2015-100-scaled.jpg"><img decoding="async" width="1024" height="768" data-id="872" src="https://amigosdeltambor.org/wp-content/uploads/2022/03/V-Muestra-de-Artesania-2015-100-1024x768.jpg" alt="" class="wp-image-872" title="" srcset="https://amigosdeltambor.org/wp-content/uploads/2022/03/V-Muestra-de-Artesania-2015-100-1024x768.jpg 1024w, https://amigosdeltambor.org/wp-content/uploads/2022/03/V-Muestra-de-Artesania-2015-100-300x225.jpg 300w, https://amigosdeltambor.org/wp-content/uploads/2022/03/V-Muestra-de-Artesania-2015-100-768x576.jpg 768w, https://amigosdeltambor.org/wp-content/uploads/2022/03/V-Muestra-de-Artesania-2015-100-1536x1152.jpg 1536w, https://amigosdeltambor.org/wp-content/uploads/2022/03/V-Muestra-de-Artesania-2015-100-2048x1536.jpg 2048w" sizes="(max-width: 1024px) 100vw, 1024px" /></a></figure>



<figure class="wp-block-image size-large"><a href="https://amigosdeltambor.org/wp-content/uploads/2022/03/V-Muestra-de-Artesania-2015-120-scaled.jpg"><img loading="lazy" decoding="async" width="1024" height="768" data-id="873" src="https://amigosdeltambor.org/wp-content/uploads/2022/03/V-Muestra-de-Artesania-2015-120-1024x768.jpg" alt="" class="wp-image-873" title="" srcset="https://amigosdeltambor.org/wp-content/uploads/2022/03/V-Muestra-de-Artesania-2015-120-1024x768.jpg 1024w, https://amigosdeltambor.org/wp-content/uploads/2022/03/V-Muestra-de-Artesania-2015-120-300x225.jpg 300w, https://amigosdeltambor.org/wp-content/uploads/2022/03/V-Muestra-de-Artesania-2015-120-768x576.jpg 768w, https://amigosdeltambor.org/wp-content/uploads/2022/03/V-Muestra-de-Artesania-2015-120-1536x1152.jpg 1536w, https://amigosdeltambor.org/wp-content/uploads/2022/03/V-Muestra-de-Artesania-2015-120-2048x1536.jpg 2048w" sizes="(max-width: 1024px) 100vw, 1024px" /></a></figure>



<figure class="wp-block-image size-large"><a href="https://amigosdeltambor.org/wp-content/uploads/2022/03/V-Muestra-de-Artesania-2015-143-scaled.jpg"><img loading="lazy" decoding="async" width="1024" height="768" data-id="875" src="https://amigosdeltambor.org/wp-content/uploads/2022/03/V-Muestra-de-Artesania-2015-143-1024x768.jpg" alt="" class="wp-image-875" title="" srcset="https://amigosdeltambor.org/wp-content/uploads/2022/03/V-Muestra-de-Artesania-2015-143-1024x768.jpg 1024w, https://amigosdeltambor.org/wp-content/uploads/2022/03/V-Muestra-de-Artesania-2015-143-300x225.jpg 300w, https://amigosdeltambor.org/wp-content/uploads/2022/03/V-Muestra-de-Artesania-2015-143-768x576.jpg 768w, https://amigosdeltambor.org/wp-content/uploads/2022/03/V-Muestra-de-Artesania-2015-143-1536x1152.jpg 1536w, https://amigosdeltambor.org/wp-content/uploads/2022/03/V-Muestra-de-Artesania-2015-143-2048x1536.jpg 2048w" sizes="(max-width: 1024px) 100vw, 1024px" /></a></figure>



<figure class="wp-block-image size-large"><a href="https://amigosdeltambor.org/wp-content/uploads/2022/03/V-Muestra-de-Artesania-2015-167-scaled.jpg"><img loading="lazy" decoding="async" width="1024" height="768" data-id="876" src="https://amigosdeltambor.org/wp-content/uploads/2022/03/V-Muestra-de-Artesania-2015-167-1024x768.jpg" alt="" class="wp-image-876" title="" srcset="https://amigosdeltambor.org/wp-content/uploads/2022/03/V-Muestra-de-Artesania-2015-167-1024x768.jpg 1024w, https://amigosdeltambor.org/wp-content/uploads/2022/03/V-Muestra-de-Artesania-2015-167-300x225.jpg 300w, https://amigosdeltambor.org/wp-content/uploads/2022/03/V-Muestra-de-Artesania-2015-167-768x576.jpg 768w, https://amigosdeltambor.org/wp-content/uploads/2022/03/V-Muestra-de-Artesania-2015-167-1536x1152.jpg 1536w, https://amigosdeltambor.org/wp-content/uploads/2022/03/V-Muestra-de-Artesania-2015-167-2048x1536.jpg 2048w" sizes="(max-width: 1024px) 100vw, 1024px" /></a></figure>



<figure class="wp-block-image size-large"><a href="https://amigosdeltambor.org/wp-content/uploads/2022/03/V-Muestra-de-Artesania-2015-214.jpg"><img loading="lazy" decoding="async" width="960" height="720" data-id="871" src="https://amigosdeltambor.org/wp-content/uploads/2022/03/V-Muestra-de-Artesania-2015-214.jpg" alt="" class="wp-image-871" title="" srcset="https://amigosdeltambor.org/wp-content/uploads/2022/03/V-Muestra-de-Artesania-2015-214.jpg 960w, https://amigosdeltambor.org/wp-content/uploads/2022/03/V-Muestra-de-Artesania-2015-214-300x225.jpg 300w, https://amigosdeltambor.org/wp-content/uploads/2022/03/V-Muestra-de-Artesania-2015-214-768x576.jpg 768w" sizes="(max-width: 960px) 100vw, 960px" /></a></figure>
</figure>



<p>On 21 and 22 March, in the bullring, we met again on the occasion of the 7th edition of the <em>Tob'Art</em>. We repeated the programme almost in its entirety, including the children's workshop and the Lenten concert. This year the event was supported by the <em>Brotherhood of Our Father Jesus of Nazareth</em>, commemorating the 75th anniversary of the arrival of the new image in Tobarra.<br>Among the participants in the drum exhibition (local and foreign drum groups, individual drummers, children's and adult drum schools,...), were <em>Peo&amp;Perdíos/Zaragata</em>, who were the delegation in charge of representing us in Jumilla, the organising municipality for the <em>Drum and Bass Drum Exaltation Days of that year</em>.</p>



<div class="wp-block-columns is-layout-flex wp-container-core-columns-is-layout-28f84493 wp-block-columns-is-layout-flex">
<div class="wp-block-column is-layout-flow wp-block-column-is-layout-flow">
<div class="wp-block-buttons is-content-justification-right is-layout-flex wp-container-core-buttons-is-layout-d445cf74 wp-block-buttons-is-layout-flex">
<div class="wp-block-button"><a class="wp-block-button__link" href="https://amigosdeltambor.org/en/tobart/tobart-2014/">2014</a></div>
</div>
</div>



<div class="wp-block-column is-layout-flow wp-block-column-is-layout-flow">
<div class="wp-block-buttons is-layout-flex wp-block-buttons-is-layout-flex">
<div class="wp-block-button"><a class="wp-block-button__link" href="https://amigosdeltambor.org/en/tobart/tobart-2016/">2016</a></div>
</div>
</div>
</div>



<div class="wp-block-buttons is-layout-flex wp-block-buttons-is-layout-flex">
<div class="wp-block-button is-style-outline is-style-outline--2"><a class="wp-block-button__link" href="https://amigosdeltambor.org/en/galeria_fotos/vii-tobart-crafts-exhibition-2015/">SEE MORE PHOTOS</a></div>
</div>

Los días 21 y 22 de marzo, en la plaza de toros, nos volvimos a reunir con motivo de la VII edición de Tob’Art. Repetimos programa casi en su totalidad, incluyendo el taller infantil y el concierto de Cuaresma. Este año colaboró en dicho evento la Cofradía de Ntro. Padre Jesús Nazareno, que conmemoraba el&hellip;
