{"id":1645,"date":"2023-03-23T17:56:23","date_gmt":"2023-03-23T17:56:23","guid":{"rendered":"https:\/\/amigosdeltambor.org\/?post_type=tobart&#038;p=1645"},"modified":"2023-03-23T17:56:25","modified_gmt":"2023-03-23T17:56:25","slug":"tobart-2022","status":"publish","type":"tobart","link":"https:\/\/amigosdeltambor.org\/fr\/tobart\/tobart-2022\/","title":{"rendered":"Tob&#8217;Art 2022"},"content":{"rendered":"<p>Lleg\u00f3 el gran momento, al fin. Despu\u00e9s de dos duros a\u00f1os de par\u00f3n, volvimos con una nueva edici\u00f3n de la Muestra de Artesan\u00eda del Tambor y la Percusi\u00f3n. El tiempo no acompa\u00f1\u00f3, pues el fr\u00edo y el viento nos hicieron compa\u00f1\u00eda durante toda la jornada, pero esa circunstancia no paraliz\u00f3 nuestras ganas y las de la gente que all\u00ed acudi\u00f3. <\/p>\n\n\n\n<p>Esta vez tocaba ubicarse en la <em>Avenida de la Constituci\u00f3n<\/em>, y el event\u00f3 se program\u00f3 para un solo d\u00eda, a diferencia de los a\u00f1os anteriores en los que ocupaba dos. Concluimos que esta decisi\u00f3n ha resultado ser un acierto, pues un d\u00eda bien aprovechado puede resultar muy provechoso y tiene la ventaja de que se puede condensar en menos tiempo un buen paquete de actividades, lo que convierte el evento en m\u00e1s accesible y atractivo para estos tiempos de prisas e inmediateces.<\/p>\n\n\n\n<p>Por la ma\u00f1ana se programaron juegos infantiles, adem\u00e1s de los habituales puestos de artesan\u00eda en los que contemplar algunas joyas del tambor as\u00ed como adquirir art\u00edculos relacionados de la m\u00e1xima calidad, como cinchos, palillos e incluso tambores. Cabe se\u00f1alar que en la exposici\u00f3n de fotograf\u00eda cada vez est\u00e1n cobrando m\u00e1s protagonismo las cuadrillas, pues a\u00f1o tras a\u00f1o son m\u00e1s las fichas registradas y las fotograf\u00edas que podemos exponer. Entendemos que es importante mostrar esa parte tan esencial de la Semana Santa tobarre\u00f1a que son las cuadrillas, y por ese motivo invitamos a todo aquel que lea este texto, tenga cuadrilla en Tobarra y todav\u00eda no haya cumplimentado la ficha, a que de un paso y as\u00ed podr\u00e1 figurar con el resto en a\u00f1os sucesivos.<\/p>\n\n\n\n<p>Despu\u00e9s de un descanso para la comida, comenz\u00f3 la segunda parte del evento, en la que se incluir\u00edan jugosas novedades. Para empezar, nuestro presidente condujo una interesante tertulia\/coloquio entre artesanos, en la que pudimos comprobar que ese arte est\u00e1 en buenas manos de cara al futuro. Colaboraron: Francisco Noguer\u00f3n Moreno &#8220;Nogue&#8221;, Jes\u00fas Hern\u00e1ndez Espadas &#8220;El Badul&#8221;, Javier Santos Garc\u00eda &#8220;Txetxu&#8221;, Jos\u00e9 Manuel Villena Carretero &#8220;Josema&#8221; y \u00c1ngel Manuel S\u00e1nchez L\u00f3pez &#8220;Millones&#8221;. A parte de la charla, expusieron algunos de sus tambores joya para disfrute de los asistentes. Tambi\u00e9n presentamos la nueva revista digital <em><a href=\"https:\/\/amigosdeltambor.org\/fr\/revista-digital\/\" data-type=\"page\" data-id=\"67\">104 Horas<\/a><\/em>, que pod\u00e9is disfrutar en esta misma web y que, como es bien sabido, est\u00e1 abierta a la colaboraci\u00f3n de todo aquel que lo desee y considere que tiene algo que aportar. Para terminar, qu\u00e9 mejor colof\u00f3n que una exhibici\u00f3n de toque de tambor, un estruendo de aperitivo para el que se nos avecina de cara al <em>Domingo de Resurrecci\u00f3n<\/em>, cuando a medianoche llegan a su fin las 104 horas de toque ininterrumpido (por cierto, este a\u00f1o ha sido apote\u00f3sico). Actuaron alumnos y alumnas de las clases de tambor infantil y juvenil de nuestro pueblo, representantes de Hell\u00edn y Agram\u00f3n como pueblos invitados y la delegaci\u00f3n tobarre\u00f1a que toc\u00f3 por todos los tobarre\u00f1os y tobarre\u00f1as en las Jornadas Nacionales de Exaltaci\u00f3n del Tambor yel Bombo de Alcorisa. Por cierto, todas ellas actuaciones espectaculares. <\/p>\n\n\n\n<p>En resumen, un excelente retorno a las tradiciones y un reencuentro por todo lo alto con todas esas cosas que siempre tratamos de brindar a quienes nos visitan en estas fechas. Solamente nos queda mencionar que esperamos que no tengamos nunca m\u00e1s que poner en pausa este evento tan significativo, perfecto aperitivo para lo que todos los a\u00f1os nos espera en Semana Santa.<\/p>\n\n\n\n<figure class=\"wp-block-gallery has-nested-images columns-default is-cropped wp-block-gallery-1 is-layout-flex wp-block-gallery-is-layout-flex\">\n<figure class=\"wp-block-image size-large is-style-default\"><img fetchpriority=\"high\" decoding=\"async\" width=\"768\" height=\"1024\" data-id=\"1613\" src=\"https:\/\/amigosdeltambor.org\/wp-content\/uploads\/2022\/04\/20220402_120145-768x1024.jpg\" alt=\"\" class=\"wp-image-1613\" title=\"\" srcset=\"https:\/\/amigosdeltambor.org\/wp-content\/uploads\/2022\/04\/20220402_120145-768x1024.jpg 768w, https:\/\/amigosdeltambor.org\/wp-content\/uploads\/2022\/04\/20220402_120145-225x300.jpg 225w, https:\/\/amigosdeltambor.org\/wp-content\/uploads\/2022\/04\/20220402_120145-1152x1536.jpg 1152w, https:\/\/amigosdeltambor.org\/wp-content\/uploads\/2022\/04\/20220402_120145-1536x2048.jpg 1536w, https:\/\/amigosdeltambor.org\/wp-content\/uploads\/2022\/04\/20220402_120145-scaled.jpg 1920w\" sizes=\"(max-width: 768px) 100vw, 768px\" \/><\/figure>\n\n\n\n<figure class=\"wp-block-image size-large\"><img decoding=\"async\" width=\"1024\" height=\"768\" data-id=\"1607\" src=\"https:\/\/amigosdeltambor.org\/wp-content\/uploads\/2022\/04\/20220402_115953-1024x768.jpg\" alt=\"\" class=\"wp-image-1607\" title=\"\" srcset=\"https:\/\/amigosdeltambor.org\/wp-content\/uploads\/2022\/04\/20220402_115953-1024x768.jpg 1024w, https:\/\/amigosdeltambor.org\/wp-content\/uploads\/2022\/04\/20220402_115953-300x225.jpg 300w, https:\/\/amigosdeltambor.org\/wp-content\/uploads\/2022\/04\/20220402_115953-768x576.jpg 768w, https:\/\/amigosdeltambor.org\/wp-content\/uploads\/2022\/04\/20220402_115953-1536x1152.jpg 1536w, https:\/\/amigosdeltambor.org\/wp-content\/uploads\/2022\/04\/20220402_115953-2048x1536.jpg 2048w\" sizes=\"(max-width: 1024px) 100vw, 1024px\" \/><\/figure>\n\n\n\n<figure class=\"wp-block-image size-large\"><img decoding=\"async\" width=\"1024\" height=\"560\" data-id=\"1571\" src=\"https:\/\/amigosdeltambor.org\/wp-content\/uploads\/2022\/04\/IMG_8526-1024x560.jpg\" alt=\"\" class=\"wp-image-1571\" title=\"\" srcset=\"https:\/\/amigosdeltambor.org\/wp-content\/uploads\/2022\/04\/IMG_8526-1024x560.jpg 1024w, https:\/\/amigosdeltambor.org\/wp-content\/uploads\/2022\/04\/IMG_8526-300x164.jpg 300w, https:\/\/amigosdeltambor.org\/wp-content\/uploads\/2022\/04\/IMG_8526-768x420.jpg 768w, https:\/\/amigosdeltambor.org\/wp-content\/uploads\/2022\/04\/IMG_8526-1536x840.jpg 1536w, https:\/\/amigosdeltambor.org\/wp-content\/uploads\/2022\/04\/IMG_8526-2048x1121.jpg 2048w\" sizes=\"(max-width: 1024px) 100vw, 1024px\" \/><\/figure>\n\n\n\n<figure class=\"wp-block-image size-large\"><img loading=\"lazy\" decoding=\"async\" width=\"1024\" height=\"768\" data-id=\"1588\" src=\"https:\/\/amigosdeltambor.org\/wp-content\/uploads\/2022\/04\/IMG_8499-1024x768.jpg\" alt=\"\" class=\"wp-image-1588\" title=\"\" srcset=\"https:\/\/amigosdeltambor.org\/wp-content\/uploads\/2022\/04\/IMG_8499-1024x768.jpg 1024w, https:\/\/amigosdeltambor.org\/wp-content\/uploads\/2022\/04\/IMG_8499-300x225.jpg 300w, https:\/\/amigosdeltambor.org\/wp-content\/uploads\/2022\/04\/IMG_8499-768x576.jpg 768w, https:\/\/amigosdeltambor.org\/wp-content\/uploads\/2022\/04\/IMG_8499-1536x1152.jpg 1536w, https:\/\/amigosdeltambor.org\/wp-content\/uploads\/2022\/04\/IMG_8499-2048x1536.jpg 2048w\" sizes=\"(max-width: 1024px) 100vw, 1024px\" \/><\/figure>\n\n\n\n<figure class=\"wp-block-image size-large\"><img loading=\"lazy\" decoding=\"async\" width=\"1024\" height=\"768\" data-id=\"1595\" src=\"https:\/\/amigosdeltambor.org\/wp-content\/uploads\/2022\/04\/IMG_8489-1024x768.jpg\" alt=\"\" class=\"wp-image-1595\" title=\"\" srcset=\"https:\/\/amigosdeltambor.org\/wp-content\/uploads\/2022\/04\/IMG_8489-1024x768.jpg 1024w, https:\/\/amigosdeltambor.org\/wp-content\/uploads\/2022\/04\/IMG_8489-300x225.jpg 300w, https:\/\/amigosdeltambor.org\/wp-content\/uploads\/2022\/04\/IMG_8489-768x576.jpg 768w, https:\/\/amigosdeltambor.org\/wp-content\/uploads\/2022\/04\/IMG_8489-1536x1152.jpg 1536w, https:\/\/amigosdeltambor.org\/wp-content\/uploads\/2022\/04\/IMG_8489-2048x1536.jpg 2048w\" sizes=\"(max-width: 1024px) 100vw, 1024px\" \/><\/figure>\n\n\n\n<figure class=\"wp-block-image size-large\"><img loading=\"lazy\" decoding=\"async\" width=\"1024\" height=\"768\" data-id=\"1591\" src=\"https:\/\/amigosdeltambor.org\/wp-content\/uploads\/2022\/04\/IMG_8492-1024x768.jpg\" alt=\"\" class=\"wp-image-1591\" title=\"\" srcset=\"https:\/\/amigosdeltambor.org\/wp-content\/uploads\/2022\/04\/IMG_8492-1024x768.jpg 1024w, https:\/\/amigosdeltambor.org\/wp-content\/uploads\/2022\/04\/IMG_8492-300x225.jpg 300w, https:\/\/amigosdeltambor.org\/wp-content\/uploads\/2022\/04\/IMG_8492-768x576.jpg 768w, https:\/\/amigosdeltambor.org\/wp-content\/uploads\/2022\/04\/IMG_8492-1536x1152.jpg 1536w, https:\/\/amigosdeltambor.org\/wp-content\/uploads\/2022\/04\/IMG_8492-2048x1536.jpg 2048w\" sizes=\"(max-width: 1024px) 100vw, 1024px\" \/><\/figure>\n<\/figure>\n\n\n\n<div class=\"wp-block-buttons is-content-justification-center is-layout-flex wp-container-core-buttons-is-layout-a89b3969 wp-block-buttons-is-layout-flex\">\n<div class=\"wp-block-button\"><a class=\"wp-block-button__link wp-element-button\" href=\"https:\/\/amigosdeltambor.org\/fr\/tobart\/tobart-2019\/\">2019<\/a><\/div>\n\n\n\n<div class=\"wp-block-button\"><a class=\"wp-block-button__link wp-element-button\">2023<\/a><\/div>\n<\/div>\n\n\n\n<div class=\"wp-block-buttons is-layout-flex wp-block-buttons-is-layout-flex\">\n<div class=\"wp-block-button is-style-outline is-style-outline--2\"><a class=\"wp-block-button__link has-black-color has-white-background-color has-text-color has-background wp-element-button\" href=\"https:\/\/amigosdeltambor.org\/fr\/galeria_fotos\/xxi-muestra-artesania-tobart-2022\/\">VER M\u00c1S FOTOS<\/a><\/div>\n<\/div>","protected":false},"featured_media":0,"template":"","class_list":["post-1645","tobart","type-tobart","status-publish","hentry"],"acf":[],"uagb_featured_image_src":{"full":false,"thumbnail":false,"medium":false,"medium_large":false,"large":false,"1536x1536":false,"2048x2048":false,"trp-custom-language-flag":false},"uagb_author_info":{"display_name":"ANGEL JESUS DAVIA PE\u0084\u00d1A","author_link":"https:\/\/amigosdeltambor.org\/fr\/author\/"},"uagb_comment_info":0,"uagb_excerpt":"Lleg\u00f3 el gran momento, al fin. Despu\u00e9s de dos duros a\u00f1os de par\u00f3n, volvimos con una nueva edici\u00f3n de la Muestra de Artesan\u00eda del Tambor y la Percusi\u00f3n. El tiempo no acompa\u00f1\u00f3, pues el fr\u00edo y el viento nos hicieron compa\u00f1\u00eda durante toda la jornada, pero esa circunstancia no paraliz\u00f3 nuestras ganas y las de\u2026","_links":{"self":[{"href":"https:\/\/amigosdeltambor.org\/fr\/wp-json\/wp\/v2\/tobart\/1645","targetHints":{"allow":["GET"]}}],"collection":[{"href":"https:\/\/amigosdeltambor.org\/fr\/wp-json\/wp\/v2\/tobart"}],"about":[{"href":"https:\/\/amigosdeltambor.org\/fr\/wp-json\/wp\/v2\/types\/tobart"}],"wp:attachment":[{"href":"https:\/\/amigosdeltambor.org\/fr\/wp-json\/wp\/v2\/media?parent=1645"}],"curies":[{"name":"wp","href":"https:\/\/api.w.org\/{rel}","templated":true}]}}

<p>Llegó el gran momento, al fin. Después de dos duros años de parón, volvimos con una nueva edición de la Muestra de Artesanía del Tambor y la Percusión. El tiempo no acompañó, pues el frío y el viento nos hicieron compañía durante toda la jornada, pero esa circunstancia no paralizó nuestras ganas y las de la gente que allí acudió. </p>



<p>Esta vez tocaba ubicarse en la <em>Avenida de la Constitución</em>, y el eventó se programó para un solo día, a diferencia de los años anteriores en los que ocupaba dos. Concluimos que esta decisión ha resultado ser un acierto, pues un día bien aprovechado puede resultar muy provechoso y tiene la ventaja de que se puede condensar en menos tiempo un buen paquete de actividades, lo que convierte el evento en más accesible y atractivo para estos tiempos de prisas e inmediateces.</p>



<p>Por la mañana se programaron juegos infantiles, además de los habituales puestos de artesanía en los que contemplar algunas joyas del tambor así como adquirir artículos relacionados de la máxima calidad, como cinchos, palillos e incluso tambores. Cabe señalar que en la exposición de fotografía cada vez están cobrando más protagonismo las cuadrillas, pues año tras año son más las fichas registradas y las fotografías que podemos exponer. Entendemos que es importante mostrar esa parte tan esencial de la Semana Santa tobarreña que son las cuadrillas, y por ese motivo invitamos a todo aquel que lea este texto, tenga cuadrilla en Tobarra y todavía no haya cumplimentado la ficha, a que de un paso y así podrá figurar con el resto en años sucesivos.</p>



<p>Después de un descanso para la comida, comenzó la segunda parte del evento, en la que se incluirían jugosas novedades. Para empezar, nuestro presidente condujo una interesante tertulia/coloquio entre artesanos, en la que pudimos comprobar que ese arte está en buenas manos de cara al futuro. Colaboraron: Francisco Noguerón Moreno &#8220;Nogue&#8221;, Jesús Hernández Espadas &#8220;El Badul&#8221;, Javier Santos García &#8220;Txetxu&#8221;, José Manuel Villena Carretero &#8220;Josema&#8221; y Ángel Manuel Sánchez López &#8220;Millones&#8221;. A parte de la charla, expusieron algunos de sus tambores joya para disfrute de los asistentes. También presentamos la nueva revista digital <em><a href="https://amigosdeltambor.org/fr/revista-digital/" data-type="page" data-id="67">104 Horas</a></em>, que podéis disfrutar en esta misma web y que, como es bien sabido, está abierta a la colaboración de todo aquel que lo desee y considere que tiene algo que aportar. Para terminar, qué mejor colofón que una exhibición de toque de tambor, un estruendo de aperitivo para el que se nos avecina de cara al <em>Domingo de Resurrección</em>, cuando a medianoche llegan a su fin las 104 horas de toque ininterrumpido (por cierto, este año ha sido apoteósico). Actuaron alumnos y alumnas de las clases de tambor infantil y juvenil de nuestro pueblo, representantes de Hellín y Agramón como pueblos invitados y la delegación tobarreña que tocó por todos los tobarreños y tobarreñas en las Jornadas Nacionales de Exaltación del Tambor yel Bombo de Alcorisa. Por cierto, todas ellas actuaciones espectaculares. </p>



<p>En resumen, un excelente retorno a las tradiciones y un reencuentro por todo lo alto con todas esas cosas que siempre tratamos de brindar a quienes nos visitan en estas fechas. Solamente nos queda mencionar que esperamos que no tengamos nunca más que poner en pausa este evento tan significativo, perfecto aperitivo para lo que todos los años nos espera en Semana Santa.</p>



<figure class="wp-block-gallery has-nested-images columns-default is-cropped wp-block-gallery-1 is-layout-flex wp-block-gallery-is-layout-flex">
<figure class="wp-block-image size-large is-style-default"><img fetchpriority="high" decoding="async" width="768" height="1024" data-id="1613" src="https://amigosdeltambor.org/wp-content/uploads/2022/04/20220402_120145-768x1024.jpg" alt="" class="wp-image-1613" title="" srcset="https://amigosdeltambor.org/wp-content/uploads/2022/04/20220402_120145-768x1024.jpg 768w, https://amigosdeltambor.org/wp-content/uploads/2022/04/20220402_120145-225x300.jpg 225w, https://amigosdeltambor.org/wp-content/uploads/2022/04/20220402_120145-1152x1536.jpg 1152w, https://amigosdeltambor.org/wp-content/uploads/2022/04/20220402_120145-1536x2048.jpg 1536w, https://amigosdeltambor.org/wp-content/uploads/2022/04/20220402_120145-scaled.jpg 1920w" sizes="(max-width: 768px) 100vw, 768px" /></figure>



<figure class="wp-block-image size-large"><img decoding="async" width="1024" height="768" data-id="1607" src="https://amigosdeltambor.org/wp-content/uploads/2022/04/20220402_115953-1024x768.jpg" alt="" class="wp-image-1607" title="" srcset="https://amigosdeltambor.org/wp-content/uploads/2022/04/20220402_115953-1024x768.jpg 1024w, https://amigosdeltambor.org/wp-content/uploads/2022/04/20220402_115953-300x225.jpg 300w, https://amigosdeltambor.org/wp-content/uploads/2022/04/20220402_115953-768x576.jpg 768w, https://amigosdeltambor.org/wp-content/uploads/2022/04/20220402_115953-1536x1152.jpg 1536w, https://amigosdeltambor.org/wp-content/uploads/2022/04/20220402_115953-2048x1536.jpg 2048w" sizes="(max-width: 1024px) 100vw, 1024px" /></figure>



<figure class="wp-block-image size-large"><img decoding="async" width="1024" height="560" data-id="1571" src="https://amigosdeltambor.org/wp-content/uploads/2022/04/IMG_8526-1024x560.jpg" alt="" class="wp-image-1571" title="" srcset="https://amigosdeltambor.org/wp-content/uploads/2022/04/IMG_8526-1024x560.jpg 1024w, https://amigosdeltambor.org/wp-content/uploads/2022/04/IMG_8526-300x164.jpg 300w, https://amigosdeltambor.org/wp-content/uploads/2022/04/IMG_8526-768x420.jpg 768w, https://amigosdeltambor.org/wp-content/uploads/2022/04/IMG_8526-1536x840.jpg 1536w, https://amigosdeltambor.org/wp-content/uploads/2022/04/IMG_8526-2048x1121.jpg 2048w" sizes="(max-width: 1024px) 100vw, 1024px" /></figure>



<figure class="wp-block-image size-large"><img loading="lazy" decoding="async" width="1024" height="768" data-id="1588" src="https://amigosdeltambor.org/wp-content/uploads/2022/04/IMG_8499-1024x768.jpg" alt="" class="wp-image-1588" title="" srcset="https://amigosdeltambor.org/wp-content/uploads/2022/04/IMG_8499-1024x768.jpg 1024w, https://amigosdeltambor.org/wp-content/uploads/2022/04/IMG_8499-300x225.jpg 300w, https://amigosdeltambor.org/wp-content/uploads/2022/04/IMG_8499-768x576.jpg 768w, https://amigosdeltambor.org/wp-content/uploads/2022/04/IMG_8499-1536x1152.jpg 1536w, https://amigosdeltambor.org/wp-content/uploads/2022/04/IMG_8499-2048x1536.jpg 2048w" sizes="(max-width: 1024px) 100vw, 1024px" /></figure>



<figure class="wp-block-image size-large"><img loading="lazy" decoding="async" width="1024" height="768" data-id="1595" src="https://amigosdeltambor.org/wp-content/uploads/2022/04/IMG_8489-1024x768.jpg" alt="" class="wp-image-1595" title="" srcset="https://amigosdeltambor.org/wp-content/uploads/2022/04/IMG_8489-1024x768.jpg 1024w, https://amigosdeltambor.org/wp-content/uploads/2022/04/IMG_8489-300x225.jpg 300w, https://amigosdeltambor.org/wp-content/uploads/2022/04/IMG_8489-768x576.jpg 768w, https://amigosdeltambor.org/wp-content/uploads/2022/04/IMG_8489-1536x1152.jpg 1536w, https://amigosdeltambor.org/wp-content/uploads/2022/04/IMG_8489-2048x1536.jpg 2048w" sizes="(max-width: 1024px) 100vw, 1024px" /></figure>



<figure class="wp-block-image size-large"><img loading="lazy" decoding="async" width="1024" height="768" data-id="1591" src="https://amigosdeltambor.org/wp-content/uploads/2022/04/IMG_8492-1024x768.jpg" alt="" class="wp-image-1591" title="" srcset="https://amigosdeltambor.org/wp-content/uploads/2022/04/IMG_8492-1024x768.jpg 1024w, https://amigosdeltambor.org/wp-content/uploads/2022/04/IMG_8492-300x225.jpg 300w, https://amigosdeltambor.org/wp-content/uploads/2022/04/IMG_8492-768x576.jpg 768w, https://amigosdeltambor.org/wp-content/uploads/2022/04/IMG_8492-1536x1152.jpg 1536w, https://amigosdeltambor.org/wp-content/uploads/2022/04/IMG_8492-2048x1536.jpg 2048w" sizes="(max-width: 1024px) 100vw, 1024px" /></figure>
</figure>



<div class="wp-block-buttons is-content-justification-center is-layout-flex wp-container-core-buttons-is-layout-a89b3969 wp-block-buttons-is-layout-flex">
<div class="wp-block-button"><a class="wp-block-button__link wp-element-button" href="https://amigosdeltambor.org/fr/tobart/tobart-2019/">2019</a></div>



<div class="wp-block-button"><a class="wp-block-button__link wp-element-button">2023</a></div>
</div>



<div class="wp-block-buttons is-layout-flex wp-block-buttons-is-layout-flex">
<div class="wp-block-button is-style-outline is-style-outline--2"><a class="wp-block-button__link has-black-color has-white-background-color has-text-color has-background wp-element-button" href="https://amigosdeltambor.org/fr/galeria_fotos/xxi-muestra-artesania-tobart-2022/">VER MÁS FOTOS</a></div>
</div>

ANGEL JESUS DAVIA PEÑA

Llegó el gran momento, al fin. Después de dos duros años de parón, volvimos con una nueva edición de la Muestra de Artesanía del Tambor y la Percusión. El tiempo no acompañó, pues el frío y el viento nos hicieron compañía durante toda la jornada, pero esa circunstancia no paralizó nuestras ganas y las de…
