{"id":2640,"date":"2024-02-07T19:21:47","date_gmt":"2024-02-07T18:21:47","guid":{"rendered":"https:\/\/amigosdeltambor.org\/?post_type=tobart&#038;p=2640"},"modified":"2024-02-09T15:30:36","modified_gmt":"2024-02-09T14:30:36","slug":"tobart-2023","status":"publish","type":"tobart","link":"https:\/\/amigosdeltambor.org\/fr\/tobart\/tobart-2023\/","title":{"rendered":"Tob&#8217;art 2023"},"content":{"rendered":"<p>La Muestra de Artesan\u00eda del Tambor y la Percusi\u00f3n de 2023 fue llevada a cabo este a\u00f1o el s\u00e1bado 25 de marzo. Un d\u00eda cargado de momentos que disfrutar. El tiempo acompa\u00f1\u00f3 con un d\u00eda soleado durante toda la jornada, lo que pudo hacer del disfrute de todos los asistentes.<\/p>\n\n\n\n<p>Otro a\u00f1o m\u00e1s tocaba ubicarse en la <em>Avenida de la Constituci\u00f3n<\/em>, y el evento se program\u00f3 para un solo d\u00eda, al igual que ya realizamos en 2022. Este cambio de decisi\u00f3n ha resultado ser un acierto, pues un d\u00eda bien aprovechado puede resultar muy provechoso.<\/p>\n\n\n\n<p>Por la ma\u00f1ana se programaron juegos infantiles, adem\u00e1s de los habituales puestos de artesan\u00eda en los que contemplar algunas joyas del tambor, as\u00ed como adquirir art\u00edculos relacionados de la m\u00e1xima calidad, como cinchos, palillos e incluso tambores. Cabe se\u00f1alar que en la exposici\u00f3n de fotograf\u00eda cada vez est\u00e1n cobrando m\u00e1s protagonismo las cuadrillas, pues a\u00f1o tras a\u00f1o son m\u00e1s las fichas registradas y las fotograf\u00edas que podemos exponer. Siendo as\u00ed este a\u00f1o llevamos a cabo una carpa en la que expusimos todas las fichas\/registro de todas las cuadrillas censadas hasta entonces.<\/p>\n\n\n\n<p>Despu\u00e9s de un descanso para la comida, comenz\u00f3 la segunda parte del evento. Para empezar, un interesante coloquio entre artesanos en el que se presentaron los nuevos tambores artesanos acabados durante este a\u00f1o y en la que pudimos comprobar que ese arte est\u00e1 en buenas manos de cara al futuro. A continuaci\u00f3n, actuaron alumnos y alumnas de las clases de tambor infantil y juvenil de nuestro pueblo, representantes de Hell\u00edn y Agram\u00f3n, como pueblos invitados y la delegaci\u00f3n tobarre\u00f1a que nos represent\u00f3 este a\u00f1o en nuestras propias Jornadas. Todas las actuaciones estuvieron espectaculares.<\/p>\n\n\n\n<p>Para terminar con la jornada se hicieron entrega de unos obsequios a todos los voluntarios e instituciones participantes de las Jornadas Nacionales del Tambor y el Bombo en reconocimiento a la fant\u00e1stica labor que llevaron todos tanto en los preparativos como a lo largo del desarrollo de las jornadas.<\/p>\n\n\n\n<p>En resumen, un excelente d\u00eda en el que exaltar nuestras tradiciones y un reencuentro por todo lo alto con todas esas cosas que siempre tratamos de brindar a quienes nos visitan en estas fechas. El perfecto aperitivo para lo que todos los a\u00f1os nos espera en Semana Santa.<\/p>\n\n\n\n<p><\/p>\n\n\n\n<figure class=\"wp-block-gallery has-nested-images columns-default is-cropped wp-block-gallery-1 is-layout-flex wp-block-gallery-is-layout-flex\">\n<figure class=\"wp-block-image size-large\"><img fetchpriority=\"high\" decoding=\"async\" width=\"1024\" height=\"576\" data-id=\"3016\" src=\"https:\/\/amigosdeltambor.org\/wp-content\/uploads\/2024\/02\/IMG_5075-1-1024x576.jpg\" alt=\"\" class=\"wp-image-3016\" title=\"\" srcset=\"https:\/\/amigosdeltambor.org\/wp-content\/uploads\/2024\/02\/IMG_5075-1-1024x576.jpg 1024w, https:\/\/amigosdeltambor.org\/wp-content\/uploads\/2024\/02\/IMG_5075-1-300x169.jpg 300w, https:\/\/amigosdeltambor.org\/wp-content\/uploads\/2024\/02\/IMG_5075-1-768x432.jpg 768w, https:\/\/amigosdeltambor.org\/wp-content\/uploads\/2024\/02\/IMG_5075-1-1536x864.jpg 1536w, https:\/\/amigosdeltambor.org\/wp-content\/uploads\/2024\/02\/IMG_5075-1-2048x1152.jpg 2048w\" sizes=\"(max-width: 1024px) 100vw, 1024px\" \/><\/figure>\n\n\n\n<figure class=\"wp-block-image size-large\"><img decoding=\"async\" width=\"1024\" height=\"576\" data-id=\"3017\" src=\"https:\/\/amigosdeltambor.org\/wp-content\/uploads\/2024\/02\/IMG_5068-1-1024x576.jpg\" alt=\"\" class=\"wp-image-3017\" title=\"\" srcset=\"https:\/\/amigosdeltambor.org\/wp-content\/uploads\/2024\/02\/IMG_5068-1-1024x576.jpg 1024w, https:\/\/amigosdeltambor.org\/wp-content\/uploads\/2024\/02\/IMG_5068-1-300x169.jpg 300w, https:\/\/amigosdeltambor.org\/wp-content\/uploads\/2024\/02\/IMG_5068-1-768x432.jpg 768w, https:\/\/amigosdeltambor.org\/wp-content\/uploads\/2024\/02\/IMG_5068-1-1536x864.jpg 1536w, https:\/\/amigosdeltambor.org\/wp-content\/uploads\/2024\/02\/IMG_5068-1-2048x1152.jpg 2048w\" sizes=\"(max-width: 1024px) 100vw, 1024px\" \/><\/figure>\n\n\n\n<figure class=\"wp-block-image size-large\"><img decoding=\"async\" width=\"1024\" height=\"576\" data-id=\"3021\" src=\"https:\/\/amigosdeltambor.org\/wp-content\/uploads\/2024\/02\/IMG_5069-1-1024x576.jpg\" alt=\"\" class=\"wp-image-3021\" title=\"\" srcset=\"https:\/\/amigosdeltambor.org\/wp-content\/uploads\/2024\/02\/IMG_5069-1-1024x576.jpg 1024w, https:\/\/amigosdeltambor.org\/wp-content\/uploads\/2024\/02\/IMG_5069-1-300x169.jpg 300w, https:\/\/amigosdeltambor.org\/wp-content\/uploads\/2024\/02\/IMG_5069-1-768x432.jpg 768w, https:\/\/amigosdeltambor.org\/wp-content\/uploads\/2024\/02\/IMG_5069-1-1536x864.jpg 1536w, https:\/\/amigosdeltambor.org\/wp-content\/uploads\/2024\/02\/IMG_5069-1-2048x1152.jpg 2048w\" sizes=\"(max-width: 1024px) 100vw, 1024px\" \/><\/figure>\n\n\n\n<figure class=\"wp-block-image size-large\"><img loading=\"lazy\" decoding=\"async\" width=\"1024\" height=\"576\" data-id=\"3022\" src=\"https:\/\/amigosdeltambor.org\/wp-content\/uploads\/2024\/02\/IMG_5062-1-1024x576.jpg\" alt=\"\" class=\"wp-image-3022\" title=\"\" srcset=\"https:\/\/amigosdeltambor.org\/wp-content\/uploads\/2024\/02\/IMG_5062-1-1024x576.jpg 1024w, https:\/\/amigosdeltambor.org\/wp-content\/uploads\/2024\/02\/IMG_5062-1-300x169.jpg 300w, https:\/\/amigosdeltambor.org\/wp-content\/uploads\/2024\/02\/IMG_5062-1-768x432.jpg 768w, https:\/\/amigosdeltambor.org\/wp-content\/uploads\/2024\/02\/IMG_5062-1-1536x864.jpg 1536w, https:\/\/amigosdeltambor.org\/wp-content\/uploads\/2024\/02\/IMG_5062-1-2048x1152.jpg 2048w\" sizes=\"(max-width: 1024px) 100vw, 1024px\" \/><\/figure>\n\n\n\n<figure class=\"wp-block-image size-large\"><img loading=\"lazy\" decoding=\"async\" width=\"1024\" height=\"576\" data-id=\"3006\" src=\"https:\/\/amigosdeltambor.org\/wp-content\/uploads\/2024\/02\/IMG_5137-1-1024x576.jpg\" alt=\"\" class=\"wp-image-3006\" title=\"\" srcset=\"https:\/\/amigosdeltambor.org\/wp-content\/uploads\/2024\/02\/IMG_5137-1-1024x576.jpg 1024w, https:\/\/amigosdeltambor.org\/wp-content\/uploads\/2024\/02\/IMG_5137-1-300x169.jpg 300w, https:\/\/amigosdeltambor.org\/wp-content\/uploads\/2024\/02\/IMG_5137-1-768x432.jpg 768w, https:\/\/amigosdeltambor.org\/wp-content\/uploads\/2024\/02\/IMG_5137-1-1536x864.jpg 1536w, https:\/\/amigosdeltambor.org\/wp-content\/uploads\/2024\/02\/IMG_5137-1-2048x1152.jpg 2048w\" sizes=\"(max-width: 1024px) 100vw, 1024px\" \/><\/figure>\n\n\n\n<figure class=\"wp-block-image size-large\"><img loading=\"lazy\" decoding=\"async\" width=\"1024\" height=\"576\" data-id=\"3007\" src=\"https:\/\/amigosdeltambor.org\/wp-content\/uploads\/2024\/02\/IMG_5130-1024x576.jpg\" alt=\"\" class=\"wp-image-3007\" title=\"\" srcset=\"https:\/\/amigosdeltambor.org\/wp-content\/uploads\/2024\/02\/IMG_5130-1024x576.jpg 1024w, https:\/\/amigosdeltambor.org\/wp-content\/uploads\/2024\/02\/IMG_5130-300x169.jpg 300w, https:\/\/amigosdeltambor.org\/wp-content\/uploads\/2024\/02\/IMG_5130-768x432.jpg 768w, https:\/\/amigosdeltambor.org\/wp-content\/uploads\/2024\/02\/IMG_5130-1536x864.jpg 1536w, https:\/\/amigosdeltambor.org\/wp-content\/uploads\/2024\/02\/IMG_5130-2048x1152.jpg 2048w\" sizes=\"(max-width: 1024px) 100vw, 1024px\" \/><\/figure>\n<\/figure>\n\n\n\n<div class=\"wp-block-buttons is-content-justification-center is-layout-flex wp-container-core-buttons-is-layout-a89b3969 wp-block-buttons-is-layout-flex\">\n<div class=\"wp-block-button\"><a class=\"wp-block-button__link wp-element-button\" href=\"https:\/\/amigosdeltambor.org\/fr\/tobart\/tobart-2022\/\">2022<\/a><\/div>\n\n\n\n<div class=\"wp-block-button\"><a class=\"wp-block-button__link wp-element-button\">2024<\/a><\/div>\n<\/div>\n\n\n\n<div class=\"wp-block-buttons is-layout-flex wp-block-buttons-is-layout-flex\">\n<div class=\"wp-block-button is-style-outline is-style-outline--2\"><a class=\"wp-block-button__link has-black-color has-white-background-color has-text-color has-background wp-element-button\" href=\"https:\/\/amigosdeltambor.org\/fr\/galeria_fotos\/xiii-muestra-artesania-tobart-2023\/\">VER M\u00c1S FOTOS<\/a><\/div>\n<\/div>","protected":false},"featured_media":2802,"template":"","class_list":["post-2640","tobart","type-tobart","status-publish","has-post-thumbnail","hentry"],"acf":[],"uagb_featured_image_src":{"full":["https:\/\/amigosdeltambor.org\/wp-content\/uploads\/2023\/03\/Cartel-TobArt-1.jpeg",741,1024,false],"thumbnail":["https:\/\/amigosdeltambor.org\/wp-content\/uploads\/2023\/03\/Cartel-TobArt-1-150x150.jpeg",150,150,true],"medium":["https:\/\/amigosdeltambor.org\/wp-content\/uploads\/2023\/03\/Cartel-TobArt-1-217x300.jpeg",217,300,true],"medium_large":["https:\/\/amigosdeltambor.org\/wp-content\/uploads\/2023\/03\/Cartel-TobArt-1.jpeg",741,1024,false],"large":["https:\/\/amigosdeltambor.org\/wp-content\/uploads\/2023\/03\/Cartel-TobArt-1.jpeg",741,1024,false],"1536x1536":["https:\/\/amigosdeltambor.org\/wp-content\/uploads\/2023\/03\/Cartel-TobArt-1.jpeg",741,1024,false],"2048x2048":["https:\/\/amigosdeltambor.org\/wp-content\/uploads\/2023\/03\/Cartel-TobArt-1.jpeg",741,1024,false],"trp-custom-language-flag":["https:\/\/amigosdeltambor.org\/wp-content\/uploads\/2023\/03\/Cartel-TobArt-1.jpeg",9,12,false]},"uagb_author_info":{"display_name":"JUAN JOSE MARTINEZ OTALORA","author_link":"https:\/\/amigosdeltambor.org\/fr\/author\/"},"uagb_comment_info":0,"uagb_excerpt":"La Muestra de Artesan\u00eda del Tambor y la Percusi\u00f3n de 2023 fue llevada a cabo este a\u00f1o el s\u00e1bado 25 de marzo. Un d\u00eda cargado de momentos que disfrutar. El tiempo acompa\u00f1\u00f3 con un d\u00eda soleado durante toda la jornada, lo que pudo hacer del disfrute de todos los asistentes. Otro a\u00f1o m\u00e1s tocaba ubicarse\u2026","_links":{"self":[{"href":"https:\/\/amigosdeltambor.org\/fr\/wp-json\/wp\/v2\/tobart\/2640","targetHints":{"allow":["GET"]}}],"collection":[{"href":"https:\/\/amigosdeltambor.org\/fr\/wp-json\/wp\/v2\/tobart"}],"about":[{"href":"https:\/\/amigosdeltambor.org\/fr\/wp-json\/wp\/v2\/types\/tobart"}],"wp:featuredmedia":[{"embeddable":true,"href":"https:\/\/amigosdeltambor.org\/fr\/wp-json\/wp\/v2\/media\/2802"}],"wp:attachment":[{"href":"https:\/\/amigosdeltambor.org\/fr\/wp-json\/wp\/v2\/media?parent=2640"}],"curies":[{"name":"wp","href":"https:\/\/api.w.org\/{rel}","templated":true}]}}

<p>La Muestra de Artesanía del Tambor y la Percusión de 2023 fue llevada a cabo este año el sábado 25 de marzo. Un día cargado de momentos que disfrutar. El tiempo acompañó con un día soleado durante toda la jornada, lo que pudo hacer del disfrute de todos los asistentes.</p>



<p>Otro año más tocaba ubicarse en la <em>Avenida de la Constitución</em>, y el evento se programó para un solo día, al igual que ya realizamos en 2022. Este cambio de decisión ha resultado ser un acierto, pues un día bien aprovechado puede resultar muy provechoso.</p>



<p>Por la mañana se programaron juegos infantiles, además de los habituales puestos de artesanía en los que contemplar algunas joyas del tambor, así como adquirir artículos relacionados de la máxima calidad, como cinchos, palillos e incluso tambores. Cabe señalar que en la exposición de fotografía cada vez están cobrando más protagonismo las cuadrillas, pues año tras año son más las fichas registradas y las fotografías que podemos exponer. Siendo así este año llevamos a cabo una carpa en la que expusimos todas las fichas/registro de todas las cuadrillas censadas hasta entonces.</p>



<p>Después de un descanso para la comida, comenzó la segunda parte del evento. Para empezar, un interesante coloquio entre artesanos en el que se presentaron los nuevos tambores artesanos acabados durante este año y en la que pudimos comprobar que ese arte está en buenas manos de cara al futuro. A continuación, actuaron alumnos y alumnas de las clases de tambor infantil y juvenil de nuestro pueblo, representantes de Hellín y Agramón, como pueblos invitados y la delegación tobarreña que nos representó este año en nuestras propias Jornadas. Todas las actuaciones estuvieron espectaculares.</p>



<p>Para terminar con la jornada se hicieron entrega de unos obsequios a todos los voluntarios e instituciones participantes de las Jornadas Nacionales del Tambor y el Bombo en reconocimiento a la fantástica labor que llevaron todos tanto en los preparativos como a lo largo del desarrollo de las jornadas.</p>



<p>En resumen, un excelente día en el que exaltar nuestras tradiciones y un reencuentro por todo lo alto con todas esas cosas que siempre tratamos de brindar a quienes nos visitan en estas fechas. El perfecto aperitivo para lo que todos los años nos espera en Semana Santa.</p>



<p></p>



<figure class="wp-block-gallery has-nested-images columns-default is-cropped wp-block-gallery-1 is-layout-flex wp-block-gallery-is-layout-flex">
<figure class="wp-block-image size-large"><img fetchpriority="high" decoding="async" width="1024" height="576" data-id="3016" src="https://amigosdeltambor.org/wp-content/uploads/2024/02/IMG_5075-1-1024x576.jpg" alt="" class="wp-image-3016" title="" srcset="https://amigosdeltambor.org/wp-content/uploads/2024/02/IMG_5075-1-1024x576.jpg 1024w, https://amigosdeltambor.org/wp-content/uploads/2024/02/IMG_5075-1-300x169.jpg 300w, https://amigosdeltambor.org/wp-content/uploads/2024/02/IMG_5075-1-768x432.jpg 768w, https://amigosdeltambor.org/wp-content/uploads/2024/02/IMG_5075-1-1536x864.jpg 1536w, https://amigosdeltambor.org/wp-content/uploads/2024/02/IMG_5075-1-2048x1152.jpg 2048w" sizes="(max-width: 1024px) 100vw, 1024px" /></figure>



<figure class="wp-block-image size-large"><img decoding="async" width="1024" height="576" data-id="3017" src="https://amigosdeltambor.org/wp-content/uploads/2024/02/IMG_5068-1-1024x576.jpg" alt="" class="wp-image-3017" title="" srcset="https://amigosdeltambor.org/wp-content/uploads/2024/02/IMG_5068-1-1024x576.jpg 1024w, https://amigosdeltambor.org/wp-content/uploads/2024/02/IMG_5068-1-300x169.jpg 300w, https://amigosdeltambor.org/wp-content/uploads/2024/02/IMG_5068-1-768x432.jpg 768w, https://amigosdeltambor.org/wp-content/uploads/2024/02/IMG_5068-1-1536x864.jpg 1536w, https://amigosdeltambor.org/wp-content/uploads/2024/02/IMG_5068-1-2048x1152.jpg 2048w" sizes="(max-width: 1024px) 100vw, 1024px" /></figure>



<figure class="wp-block-image size-large"><img decoding="async" width="1024" height="576" data-id="3021" src="https://amigosdeltambor.org/wp-content/uploads/2024/02/IMG_5069-1-1024x576.jpg" alt="" class="wp-image-3021" title="" srcset="https://amigosdeltambor.org/wp-content/uploads/2024/02/IMG_5069-1-1024x576.jpg 1024w, https://amigosdeltambor.org/wp-content/uploads/2024/02/IMG_5069-1-300x169.jpg 300w, https://amigosdeltambor.org/wp-content/uploads/2024/02/IMG_5069-1-768x432.jpg 768w, https://amigosdeltambor.org/wp-content/uploads/2024/02/IMG_5069-1-1536x864.jpg 1536w, https://amigosdeltambor.org/wp-content/uploads/2024/02/IMG_5069-1-2048x1152.jpg 2048w" sizes="(max-width: 1024px) 100vw, 1024px" /></figure>



<figure class="wp-block-image size-large"><img loading="lazy" decoding="async" width="1024" height="576" data-id="3022" src="https://amigosdeltambor.org/wp-content/uploads/2024/02/IMG_5062-1-1024x576.jpg" alt="" class="wp-image-3022" title="" srcset="https://amigosdeltambor.org/wp-content/uploads/2024/02/IMG_5062-1-1024x576.jpg 1024w, https://amigosdeltambor.org/wp-content/uploads/2024/02/IMG_5062-1-300x169.jpg 300w, https://amigosdeltambor.org/wp-content/uploads/2024/02/IMG_5062-1-768x432.jpg 768w, https://amigosdeltambor.org/wp-content/uploads/2024/02/IMG_5062-1-1536x864.jpg 1536w, https://amigosdeltambor.org/wp-content/uploads/2024/02/IMG_5062-1-2048x1152.jpg 2048w" sizes="(max-width: 1024px) 100vw, 1024px" /></figure>



<figure class="wp-block-image size-large"><img loading="lazy" decoding="async" width="1024" height="576" data-id="3006" src="https://amigosdeltambor.org/wp-content/uploads/2024/02/IMG_5137-1-1024x576.jpg" alt="" class="wp-image-3006" title="" srcset="https://amigosdeltambor.org/wp-content/uploads/2024/02/IMG_5137-1-1024x576.jpg 1024w, https://amigosdeltambor.org/wp-content/uploads/2024/02/IMG_5137-1-300x169.jpg 300w, https://amigosdeltambor.org/wp-content/uploads/2024/02/IMG_5137-1-768x432.jpg 768w, https://amigosdeltambor.org/wp-content/uploads/2024/02/IMG_5137-1-1536x864.jpg 1536w, https://amigosdeltambor.org/wp-content/uploads/2024/02/IMG_5137-1-2048x1152.jpg 2048w" sizes="(max-width: 1024px) 100vw, 1024px" /></figure>



<figure class="wp-block-image size-large"><img loading="lazy" decoding="async" width="1024" height="576" data-id="3007" src="https://amigosdeltambor.org/wp-content/uploads/2024/02/IMG_5130-1024x576.jpg" alt="" class="wp-image-3007" title="" srcset="https://amigosdeltambor.org/wp-content/uploads/2024/02/IMG_5130-1024x576.jpg 1024w, https://amigosdeltambor.org/wp-content/uploads/2024/02/IMG_5130-300x169.jpg 300w, https://amigosdeltambor.org/wp-content/uploads/2024/02/IMG_5130-768x432.jpg 768w, https://amigosdeltambor.org/wp-content/uploads/2024/02/IMG_5130-1536x864.jpg 1536w, https://amigosdeltambor.org/wp-content/uploads/2024/02/IMG_5130-2048x1152.jpg 2048w" sizes="(max-width: 1024px) 100vw, 1024px" /></figure>
</figure>



<div class="wp-block-buttons is-content-justification-center is-layout-flex wp-container-core-buttons-is-layout-a89b3969 wp-block-buttons-is-layout-flex">
<div class="wp-block-button"><a class="wp-block-button__link wp-element-button" href="https://amigosdeltambor.org/fr/tobart/tobart-2022/">2022</a></div>



<div class="wp-block-button"><a class="wp-block-button__link wp-element-button">2024</a></div>
</div>



<div class="wp-block-buttons is-layout-flex wp-block-buttons-is-layout-flex">
<div class="wp-block-button is-style-outline is-style-outline--2"><a class="wp-block-button__link has-black-color has-white-background-color has-text-color has-background wp-element-button" href="https://amigosdeltambor.org/fr/galeria_fotos/xiii-muestra-artesania-tobart-2023/">VER MÁS FOTOS</a></div>
</div>

La Muestra de Artesanía del Tambor y la Percusión de 2023 fue llevada a cabo este año el sábado 25 de marzo. Un día cargado de momentos que disfrutar. El tiempo acompañó con un día soleado durante toda la jornada, lo que pudo hacer del disfrute de todos los asistentes. Otro año más tocaba ubicarse…
