{"id":799,"date":"2022-03-29T18:19:53","date_gmt":"2022-03-29T18:19:53","guid":{"rendered":"https:\/\/amigosdeltambor.org\/?post_type=tobart&#038;p=799"},"modified":"2022-04-01T08:57:48","modified_gmt":"2022-04-01T08:57:48","slug":"tobart-2009","status":"publish","type":"tobart","link":"https:\/\/amigosdeltambor.org\/fr\/tobart\/tobart-2009\/","title":{"rendered":"Tob&#8217;Art 2009"},"content":{"rendered":"<figure class=\"wp-block-gallery has-nested-images columns-default is-cropped wp-block-gallery-1 is-layout-flex wp-block-gallery-is-layout-flex\">\n<figure class=\"wp-block-image size-large\"><a href=\"https:\/\/amigosdeltambor.org\/wp-content\/uploads\/2022\/03\/100_0444-scaled.jpg\"><img fetchpriority=\"high\" decoding=\"async\" width=\"1024\" height=\"768\" data-id=\"819\" src=\"https:\/\/amigosdeltambor.org\/wp-content\/uploads\/2022\/03\/100_0444-1024x768.jpg\" alt=\"\" class=\"wp-image-819\" title=\"\" srcset=\"https:\/\/amigosdeltambor.org\/wp-content\/uploads\/2022\/03\/100_0444-1024x768.jpg 1024w, https:\/\/amigosdeltambor.org\/wp-content\/uploads\/2022\/03\/100_0444-300x225.jpg 300w, https:\/\/amigosdeltambor.org\/wp-content\/uploads\/2022\/03\/100_0444-768x576.jpg 768w, https:\/\/amigosdeltambor.org\/wp-content\/uploads\/2022\/03\/100_0444-1536x1152.jpg 1536w, https:\/\/amigosdeltambor.org\/wp-content\/uploads\/2022\/03\/100_0444-2048x1536.jpg 2048w\" sizes=\"(max-width: 1024px) 100vw, 1024px\" \/><\/a><\/figure>\n\n\n\n<figure class=\"wp-block-image size-large\"><a href=\"https:\/\/amigosdeltambor.org\/wp-content\/uploads\/2022\/03\/100_0445-scaled.jpg\"><img decoding=\"async\" width=\"1024\" height=\"768\" data-id=\"821\" src=\"https:\/\/amigosdeltambor.org\/wp-content\/uploads\/2022\/03\/100_0445-1024x768.jpg\" alt=\"\" class=\"wp-image-821\" title=\"\" srcset=\"https:\/\/amigosdeltambor.org\/wp-content\/uploads\/2022\/03\/100_0445-1024x768.jpg 1024w, https:\/\/amigosdeltambor.org\/wp-content\/uploads\/2022\/03\/100_0445-300x225.jpg 300w, https:\/\/amigosdeltambor.org\/wp-content\/uploads\/2022\/03\/100_0445-768x576.jpg 768w, https:\/\/amigosdeltambor.org\/wp-content\/uploads\/2022\/03\/100_0445-1536x1152.jpg 1536w, https:\/\/amigosdeltambor.org\/wp-content\/uploads\/2022\/03\/100_0445-2048x1536.jpg 2048w\" sizes=\"(max-width: 1024px) 100vw, 1024px\" \/><\/a><\/figure>\n\n\n\n<figure class=\"wp-block-image size-large\"><a href=\"https:\/\/amigosdeltambor.org\/wp-content\/uploads\/2022\/03\/100_0522-scaled.jpg\"><img decoding=\"async\" width=\"1024\" height=\"768\" data-id=\"820\" src=\"https:\/\/amigosdeltambor.org\/wp-content\/uploads\/2022\/03\/100_0522-1024x768.jpg\" alt=\"\" class=\"wp-image-820\" title=\"\" srcset=\"https:\/\/amigosdeltambor.org\/wp-content\/uploads\/2022\/03\/100_0522-1024x768.jpg 1024w, https:\/\/amigosdeltambor.org\/wp-content\/uploads\/2022\/03\/100_0522-300x225.jpg 300w, https:\/\/amigosdeltambor.org\/wp-content\/uploads\/2022\/03\/100_0522-768x576.jpg 768w, https:\/\/amigosdeltambor.org\/wp-content\/uploads\/2022\/03\/100_0522-1536x1152.jpg 1536w, https:\/\/amigosdeltambor.org\/wp-content\/uploads\/2022\/03\/100_0522-2048x1536.jpg 2048w\" sizes=\"(max-width: 1024px) 100vw, 1024px\" \/><\/a><\/figure>\n\n\n\n<figure class=\"wp-block-image size-large\"><a href=\"https:\/\/amigosdeltambor.org\/wp-content\/uploads\/2022\/03\/P3280008.jpg\"><img loading=\"lazy\" decoding=\"async\" width=\"600\" height=\"450\" data-id=\"818\" src=\"https:\/\/amigosdeltambor.org\/wp-content\/uploads\/2022\/03\/P3280008.jpg\" alt=\"\" class=\"wp-image-818\" title=\"\" srcset=\"https:\/\/amigosdeltambor.org\/wp-content\/uploads\/2022\/03\/P3280008.jpg 600w, https:\/\/amigosdeltambor.org\/wp-content\/uploads\/2022\/03\/P3280008-300x225.jpg 300w\" sizes=\"(max-width: 600px) 100vw, 600px\" \/><\/a><\/figure>\n\n\n\n<figure class=\"wp-block-image size-large\"><a href=\"https:\/\/amigosdeltambor.org\/wp-content\/uploads\/2022\/03\/P3290032.jpg\"><img loading=\"lazy\" decoding=\"async\" width=\"600\" height=\"450\" data-id=\"817\" src=\"https:\/\/amigosdeltambor.org\/wp-content\/uploads\/2022\/03\/P3290032.jpg\" alt=\"\" class=\"wp-image-817\" title=\"\" srcset=\"https:\/\/amigosdeltambor.org\/wp-content\/uploads\/2022\/03\/P3290032.jpg 600w, https:\/\/amigosdeltambor.org\/wp-content\/uploads\/2022\/03\/P3290032-300x225.jpg 300w\" sizes=\"(max-width: 600px) 100vw, 600px\" \/><\/a><\/figure>\n<\/figure>\n\n\n\n<p>La primera muestra de artesan\u00eda data de 2009 (29 y 29 de marzo en la plaza de toros<em> La Cubierta<\/em>), y ya desde entonces se bautiz\u00f3 como <strong><em>Tob\u2019Art<\/em><\/strong>. El programa que se elabor\u00f3 hace ya 13 a\u00f1os inclu\u00eda los siguientes actos, distribu\u00eddos entre los dos d\u00edas del fin de semana:&nbsp;<\/p>\n\n\n\n<p>S\u00e1bado: Se abr\u00edan las puertas a las 16:00 horas, con la exposici\u00f3n permanente de nuestros artesanos. A las 17:00h comenzaban dos talleres paralelos, uno de calado de aros, a cargo de artesanos, y el otro de de construcci\u00f3n de instrumentos de percusi\u00f3n, a cargo de <em>Gaiter\u00eda Tremol. <\/em>Continuamos con una demostracion de caj\u00f3n flamenco llevada a cabo por Valeriano, desde el stand que mont\u00f3 <em>Senbar\u00e9, artesanos del caj\u00f3n flamenco<\/em>, a las 17:30, y con un pasacalles del grupo Perturbasi\u00f3n, consistente en una batukada en la que cualquiera pod\u00eda participar con instrumentos casuales (cucharones, sarteles, ollas, etc.). Prosigui\u00f3 el profesor de m\u00fasica Joaqu\u00edn Arias, rescatador de instrumentos antiguos, qui\u00e9n nos mostr\u00f3 diversos instrumentos tradicionales y casi extintos (panderos, tablillas de San L\u00e1zaro, tejoletas, etc), y nos habl\u00f3 de su historia, t\u00e9cnicas de interpretaci\u00f3n, desarrollo, etc. Terminaos a las 21:00h con el gran concierto<em> La Percusi\u00f3n es otra cosa<\/em>, a cargo del grupo local antes mencionado: <em>Perturbasion<\/em>.<\/p>\n\n\n\n<p>Domingo: Se comenz\u00f3 por la ma\u00f1ana, a las 10:30, con un taller sobre el emparchado de pieles, de nuevo a cargo de nuestros reputados artesanos. A las 11:00h el artesano Pedro Campos nos deleit\u00f3 con una exposici\u00f3n de instrumentos de percusi\u00f3n, su historia y sus t\u00e9cincas de interpretaci\u00f3n. Seguimos con la exhibici\u00f3n de toque de tambor, en la que pudieron participar, previa inscripci\u00f3n, todos los interesados en mostrar a los asistentes las bondades del toque tobarre\u00f1o. Para terminar, hubo una comida popular en el propio stand de la AAT.<\/p>\n\n\n\n<div class=\"wp-block-columns is-layout-flex wp-container-core-columns-is-layout-28f84493 wp-block-columns-is-layout-flex\">\n<div class=\"wp-block-column is-layout-flow wp-block-column-is-layout-flow\"><\/div>\n\n\n\n<div class=\"wp-block-column is-layout-flow wp-block-column-is-layout-flow\">\n<div class=\"wp-block-buttons is-layout-flex wp-block-buttons-is-layout-flex\">\n<div class=\"wp-block-button\"><a class=\"wp-block-button__link\" href=\"https:\/\/amigosdeltambor.org\/fr\/tobart\/tobart-2010\/\">2010<\/a><\/div>\n<\/div>\n<\/div>\n<\/div>\n\n\n\n<div class=\"wp-block-buttons is-layout-flex wp-block-buttons-is-layout-flex\">\n<div class=\"wp-block-button is-style-outline is-style-outline--2\"><a class=\"wp-block-button__link\" href=\"https:\/\/amigosdeltambor.org\/fr\/galeria_fotos\/i-muestra-artesania-tobart-2009\/\">VER MAS FOTOS<\/a><\/div>\n<\/div>","protected":false},"featured_media":0,"template":"","class_list":["post-799","tobart","type-tobart","status-publish","hentry"],"acf":[],"uagb_featured_image_src":{"full":false,"thumbnail":false,"medium":false,"medium_large":false,"large":false,"1536x1536":false,"2048x2048":false,"trp-custom-language-flag":false},"uagb_author_info":{"display_name":"JUAN JOSE MARTINEZ OTALORA","author_link":"https:\/\/amigosdeltambor.org\/fr\/author\/"},"uagb_comment_info":0,"uagb_excerpt":"La primera muestra de artesan\u00eda data de 2009 (29 y 29 de marzo en la plaza de toros La Cubierta), y ya desde entonces se bautiz\u00f3 como Tob\u2019Art. El programa que se elabor\u00f3 hace ya 13 a\u00f1os inclu\u00eda los siguientes actos, distribu\u00eddos entre los dos d\u00edas del fin de semana:&nbsp; S\u00e1bado: Se abr\u00edan las puertas\u2026","_links":{"self":[{"href":"https:\/\/amigosdeltambor.org\/fr\/wp-json\/wp\/v2\/tobart\/799","targetHints":{"allow":["GET"]}}],"collection":[{"href":"https:\/\/amigosdeltambor.org\/fr\/wp-json\/wp\/v2\/tobart"}],"about":[{"href":"https:\/\/amigosdeltambor.org\/fr\/wp-json\/wp\/v2\/types\/tobart"}],"wp:attachment":[{"href":"https:\/\/amigosdeltambor.org\/fr\/wp-json\/wp\/v2\/media?parent=799"}],"curies":[{"name":"wp","href":"https:\/\/api.w.org\/{rel}","templated":true}]}}

<figure class="wp-block-gallery has-nested-images columns-default is-cropped wp-block-gallery-1 is-layout-flex wp-block-gallery-is-layout-flex">
<figure class="wp-block-image size-large"><a href="https://amigosdeltambor.org/wp-content/uploads/2022/03/100_0444-scaled.jpg"><img fetchpriority="high" decoding="async" width="1024" height="768" data-id="819" src="https://amigosdeltambor.org/wp-content/uploads/2022/03/100_0444-1024x768.jpg" alt="" class="wp-image-819" title="" srcset="https://amigosdeltambor.org/wp-content/uploads/2022/03/100_0444-1024x768.jpg 1024w, https://amigosdeltambor.org/wp-content/uploads/2022/03/100_0444-300x225.jpg 300w, https://amigosdeltambor.org/wp-content/uploads/2022/03/100_0444-768x576.jpg 768w, https://amigosdeltambor.org/wp-content/uploads/2022/03/100_0444-1536x1152.jpg 1536w, https://amigosdeltambor.org/wp-content/uploads/2022/03/100_0444-2048x1536.jpg 2048w" sizes="(max-width: 1024px) 100vw, 1024px" /></a></figure>



<figure class="wp-block-image size-large"><a href="https://amigosdeltambor.org/wp-content/uploads/2022/03/100_0445-scaled.jpg"><img decoding="async" width="1024" height="768" data-id="821" src="https://amigosdeltambor.org/wp-content/uploads/2022/03/100_0445-1024x768.jpg" alt="" class="wp-image-821" title="" srcset="https://amigosdeltambor.org/wp-content/uploads/2022/03/100_0445-1024x768.jpg 1024w, https://amigosdeltambor.org/wp-content/uploads/2022/03/100_0445-300x225.jpg 300w, https://amigosdeltambor.org/wp-content/uploads/2022/03/100_0445-768x576.jpg 768w, https://amigosdeltambor.org/wp-content/uploads/2022/03/100_0445-1536x1152.jpg 1536w, https://amigosdeltambor.org/wp-content/uploads/2022/03/100_0445-2048x1536.jpg 2048w" sizes="(max-width: 1024px) 100vw, 1024px" /></a></figure>



<figure class="wp-block-image size-large"><a href="https://amigosdeltambor.org/wp-content/uploads/2022/03/100_0522-scaled.jpg"><img decoding="async" width="1024" height="768" data-id="820" src="https://amigosdeltambor.org/wp-content/uploads/2022/03/100_0522-1024x768.jpg" alt="" class="wp-image-820" title="" srcset="https://amigosdeltambor.org/wp-content/uploads/2022/03/100_0522-1024x768.jpg 1024w, https://amigosdeltambor.org/wp-content/uploads/2022/03/100_0522-300x225.jpg 300w, https://amigosdeltambor.org/wp-content/uploads/2022/03/100_0522-768x576.jpg 768w, https://amigosdeltambor.org/wp-content/uploads/2022/03/100_0522-1536x1152.jpg 1536w, https://amigosdeltambor.org/wp-content/uploads/2022/03/100_0522-2048x1536.jpg 2048w" sizes="(max-width: 1024px) 100vw, 1024px" /></a></figure>



<figure class="wp-block-image size-large"><a href="https://amigosdeltambor.org/wp-content/uploads/2022/03/P3280008.jpg"><img loading="lazy" decoding="async" width="600" height="450" data-id="818" src="https://amigosdeltambor.org/wp-content/uploads/2022/03/P3280008.jpg" alt="" class="wp-image-818" title="" srcset="https://amigosdeltambor.org/wp-content/uploads/2022/03/P3280008.jpg 600w, https://amigosdeltambor.org/wp-content/uploads/2022/03/P3280008-300x225.jpg 300w" sizes="(max-width: 600px) 100vw, 600px" /></a></figure>



<figure class="wp-block-image size-large"><a href="https://amigosdeltambor.org/wp-content/uploads/2022/03/P3290032.jpg"><img loading="lazy" decoding="async" width="600" height="450" data-id="817" src="https://amigosdeltambor.org/wp-content/uploads/2022/03/P3290032.jpg" alt="" class="wp-image-817" title="" srcset="https://amigosdeltambor.org/wp-content/uploads/2022/03/P3290032.jpg 600w, https://amigosdeltambor.org/wp-content/uploads/2022/03/P3290032-300x225.jpg 300w" sizes="(max-width: 600px) 100vw, 600px" /></a></figure>
</figure>



<p>La primera muestra de artesanía data de 2009 (29 y 29 de marzo en la plaza de toros<em> La Cubierta</em>), y ya desde entonces se bautizó como <strong><em>Tob’Art</em></strong>. El programa que se elaboró hace ya 13 años incluía los siguientes actos, distribuídos entre los dos días del fin de semana:&nbsp;</p>



<p>Sábado: Se abrían las puertas a las 16:00 horas, con la exposición permanente de nuestros artesanos. A las 17:00h comenzaban dos talleres paralelos, uno de calado de aros, a cargo de artesanos, y el otro de de construcción de instrumentos de percusión, a cargo de <em>Gaitería Tremol. </em>Continuamos con una demostracion de cajón flamenco llevada a cabo por Valeriano, desde el stand que montó <em>Senbaré, artesanos del cajón flamenco</em>, a las 17:30, y con un pasacalles del grupo Perturbasión, consistente en una batukada en la que cualquiera podía participar con instrumentos casuales (cucharones, sarteles, ollas, etc.). Prosiguió el profesor de música Joaquín Arias, rescatador de instrumentos antiguos, quién nos mostró diversos instrumentos tradicionales y casi extintos (panderos, tablillas de San Lázaro, tejoletas, etc), y nos habló de su historia, técnicas de interpretación, desarrollo, etc. Terminaos a las 21:00h con el gran concierto<em> La Percusión es otra cosa</em>, a cargo del grupo local antes mencionado: <em>Perturbasion</em>.</p>



<p>Domingo: Se comenzó por la mañana, a las 10:30, con un taller sobre el emparchado de pieles, de nuevo a cargo de nuestros reputados artesanos. A las 11:00h el artesano Pedro Campos nos deleitó con una exposición de instrumentos de percusión, su historia y sus técincas de interpretación. Seguimos con la exhibición de toque de tambor, en la que pudieron participar, previa inscripción, todos los interesados en mostrar a los asistentes las bondades del toque tobarreño. Para terminar, hubo una comida popular en el propio stand de la AAT.</p>



<div class="wp-block-columns is-layout-flex wp-container-core-columns-is-layout-28f84493 wp-block-columns-is-layout-flex">
<div class="wp-block-column is-layout-flow wp-block-column-is-layout-flow"></div>



<div class="wp-block-column is-layout-flow wp-block-column-is-layout-flow">
<div class="wp-block-buttons is-layout-flex wp-block-buttons-is-layout-flex">
<div class="wp-block-button"><a class="wp-block-button__link" href="https://amigosdeltambor.org/fr/tobart/tobart-2010/">2010</a></div>
</div>
</div>
</div>



<div class="wp-block-buttons is-layout-flex wp-block-buttons-is-layout-flex">
<div class="wp-block-button is-style-outline is-style-outline--2"><a class="wp-block-button__link" href="https://amigosdeltambor.org/fr/galeria_fotos/i-muestra-artesania-tobart-2009/">VER MAS FOTOS</a></div>
</div>

La primera muestra de artesanía data de 2009 (29 y 29 de marzo en la plaza de toros La Cubierta), y ya desde entonces se bautizó como Tob’Art. El programa que se elaboró hace ya 13 años incluía los siguientes actos, distribuídos entre los dos días del fin de semana:&nbsp; Sábado: Se abrían las puertas…
