{"id":802,"date":"2022-03-29T19:58:18","date_gmt":"2022-03-29T19:58:18","guid":{"rendered":"https:\/\/amigosdeltambor.org\/?post_type=tobart&#038;p=802"},"modified":"2022-04-01T08:54:44","modified_gmt":"2022-04-01T08:54:44","slug":"tobart-2012","status":"publish","type":"tobart","link":"https:\/\/amigosdeltambor.org\/fr\/tobart\/tobart-2012\/","title":{"rendered":"Tob&#8217;Art 2012"},"content":{"rendered":"<p>Este a\u00f1o la muestra se llev\u00f3 a cabo en la <em>Avenida de la Constituci\u00f3n<\/em>, pues el buen tiempo acompa\u00f1\u00f3, los d\u00edas 24 y 25 de marzo. En las semanas previas, el evento se dio a conocer con diversas notas de prensa, charlas y entrevistas en la radio. A parte de las muestras permanentes de los artesanos, que se convirtieron estos primeros a\u00f1os en un imprescindible y una se\u00f1a de identidad, los talleres y demostraciones se ampliaron, incluyendo grabaci\u00f3n con \u201crotol\u00edn\u201d de tornillos y aros, elaboraci\u00f3n de piezas y reductoras, montaje de bordoneras, etc. Mientras todo esto estaba en marcha, la banda municipal de m\u00fasica amenizaba con un pasacalles, que culmin\u00f3 a las 20:00h con un fabuloso concierto de percusi\u00f3n en el que se congregaron, seg\u00fan estimaciones, cerca de 3000 espectadores.&nbsp;<\/p>\n\n\n\n<p>En la siguiente jornada, y \u00faltima, se dio continuaci\u00f3n a las exposiciones y los talleres, cobrando especial relevancia los de puesta a punto del tambor y emparchado de pieles de cabrito, que tuvieron que repetirse en varias ocasiones debido a la demanda popular. A parte de todo esto, se expusieron m\u00e1s de 400 trabajos pl\u00e1sticos procedentes de ni\u00f1os y ni\u00f1as de los tres colegios de Tobarra, con entrega de premios a los trabajos ganadores. El Colof\u00f3n fue la exhibici\u00f3n de toque de tambor, este a\u00f1o especialmente nutrida, pues colaboraron: las escuelas infantiles de tambor de Tobarra, Hell\u00edn y Agram\u00f3n, la <em>Cuadrilla Peo-Perd\u00edos <\/em>(que fue la delegaci\u00f3n oficial que fue a Alcora a representarnos en las <em>Jornadas de Exaltaci\u00f3n del Tambor y el Bombo<\/em> de 2012) y tres tamborileros individuales. Fue otro momento de gran afluencia de p\u00fablico. A las 13:30h se dieron por finalizadas todas las actividades y hubo que desplazarse a la Plaza de Toros para la preceptiva comida de hermandad, como todos los a\u00f1os.<\/p>\n\n\n\n<figure class=\"wp-block-gallery has-nested-images columns-default is-cropped wp-block-gallery-1 is-layout-flex wp-block-gallery-is-layout-flex\">\n<figure class=\"wp-block-image size-large\"><a href=\"https:\/\/amigosdeltambor.org\/wp-content\/uploads\/2022\/03\/IV-Muestra-de-Artesania-2012-1-1-scaled.jpg\"><img fetchpriority=\"high\" decoding=\"async\" width=\"1024\" height=\"683\" data-id=\"842\" src=\"https:\/\/amigosdeltambor.org\/wp-content\/uploads\/2022\/03\/IV-Muestra-de-Artesania-2012-1-1-1024x683.jpg\" alt=\"\" class=\"wp-image-842\" title=\"\" srcset=\"https:\/\/amigosdeltambor.org\/wp-content\/uploads\/2022\/03\/IV-Muestra-de-Artesania-2012-1-1-1024x683.jpg 1024w, https:\/\/amigosdeltambor.org\/wp-content\/uploads\/2022\/03\/IV-Muestra-de-Artesania-2012-1-1-300x200.jpg 300w, https:\/\/amigosdeltambor.org\/wp-content\/uploads\/2022\/03\/IV-Muestra-de-Artesania-2012-1-1-768x512.jpg 768w, https:\/\/amigosdeltambor.org\/wp-content\/uploads\/2022\/03\/IV-Muestra-de-Artesania-2012-1-1-1536x1024.jpg 1536w, https:\/\/amigosdeltambor.org\/wp-content\/uploads\/2022\/03\/IV-Muestra-de-Artesania-2012-1-1-2048x1365.jpg 2048w\" sizes=\"(max-width: 1024px) 100vw, 1024px\" \/><\/a><\/figure>\n\n\n\n<figure class=\"wp-block-image size-large\"><a href=\"https:\/\/amigosdeltambor.org\/wp-content\/uploads\/2022\/03\/IV-Muestra-de-Artesania-2012-2.jpg\"><img decoding=\"async\" width=\"1024\" height=\"613\" data-id=\"840\" src=\"https:\/\/amigosdeltambor.org\/wp-content\/uploads\/2022\/03\/IV-Muestra-de-Artesania-2012-2-1024x613.jpg\" alt=\"\" class=\"wp-image-840\" title=\"\" srcset=\"https:\/\/amigosdeltambor.org\/wp-content\/uploads\/2022\/03\/IV-Muestra-de-Artesania-2012-2-1024x613.jpg 1024w, https:\/\/amigosdeltambor.org\/wp-content\/uploads\/2022\/03\/IV-Muestra-de-Artesania-2012-2-300x179.jpg 300w, https:\/\/amigosdeltambor.org\/wp-content\/uploads\/2022\/03\/IV-Muestra-de-Artesania-2012-2-768x460.jpg 768w, https:\/\/amigosdeltambor.org\/wp-content\/uploads\/2022\/03\/IV-Muestra-de-Artesania-2012-2-1536x919.jpg 1536w, https:\/\/amigosdeltambor.org\/wp-content\/uploads\/2022\/03\/IV-Muestra-de-Artesania-2012-2-2048x1225.jpg 2048w\" sizes=\"(max-width: 1024px) 100vw, 1024px\" \/><\/a><\/figure>\n\n\n\n<figure class=\"wp-block-image size-large\"><a href=\"https:\/\/amigosdeltambor.org\/wp-content\/uploads\/2022\/03\/IV-Muestra-de-Artesania-2012-4-scaled.jpg\"><img decoding=\"async\" width=\"1024\" height=\"683\" data-id=\"844\" src=\"https:\/\/amigosdeltambor.org\/wp-content\/uploads\/2022\/03\/IV-Muestra-de-Artesania-2012-4-1024x683.jpg\" alt=\"\" class=\"wp-image-844\" title=\"\" srcset=\"https:\/\/amigosdeltambor.org\/wp-content\/uploads\/2022\/03\/IV-Muestra-de-Artesania-2012-4-1024x683.jpg 1024w, https:\/\/amigosdeltambor.org\/wp-content\/uploads\/2022\/03\/IV-Muestra-de-Artesania-2012-4-300x200.jpg 300w, https:\/\/amigosdeltambor.org\/wp-content\/uploads\/2022\/03\/IV-Muestra-de-Artesania-2012-4-768x512.jpg 768w, https:\/\/amigosdeltambor.org\/wp-content\/uploads\/2022\/03\/IV-Muestra-de-Artesania-2012-4-1536x1024.jpg 1536w, https:\/\/amigosdeltambor.org\/wp-content\/uploads\/2022\/03\/IV-Muestra-de-Artesania-2012-4-2048x1365.jpg 2048w\" sizes=\"(max-width: 1024px) 100vw, 1024px\" \/><\/a><\/figure>\n\n\n\n<figure class=\"wp-block-image size-large\"><a href=\"https:\/\/amigosdeltambor.org\/wp-content\/uploads\/2022\/03\/IV-Muestra-de-Artesania-2012-10-scaled.jpg\"><img loading=\"lazy\" decoding=\"async\" width=\"1024\" height=\"683\" data-id=\"841\" src=\"https:\/\/amigosdeltambor.org\/wp-content\/uploads\/2022\/03\/IV-Muestra-de-Artesania-2012-10-1024x683.jpg\" alt=\"\" class=\"wp-image-841\" title=\"\" srcset=\"https:\/\/amigosdeltambor.org\/wp-content\/uploads\/2022\/03\/IV-Muestra-de-Artesania-2012-10-1024x683.jpg 1024w, https:\/\/amigosdeltambor.org\/wp-content\/uploads\/2022\/03\/IV-Muestra-de-Artesania-2012-10-300x200.jpg 300w, https:\/\/amigosdeltambor.org\/wp-content\/uploads\/2022\/03\/IV-Muestra-de-Artesania-2012-10-768x512.jpg 768w, https:\/\/amigosdeltambor.org\/wp-content\/uploads\/2022\/03\/IV-Muestra-de-Artesania-2012-10-1536x1024.jpg 1536w, https:\/\/amigosdeltambor.org\/wp-content\/uploads\/2022\/03\/IV-Muestra-de-Artesania-2012-10-2048x1365.jpg 2048w\" sizes=\"(max-width: 1024px) 100vw, 1024px\" \/><\/a><\/figure>\n\n\n\n<figure class=\"wp-block-image size-large\"><a href=\"https:\/\/amigosdeltambor.org\/wp-content\/uploads\/2022\/03\/IV-Muestra-de-Artesania-2012-14-scaled.jpg\"><img loading=\"lazy\" decoding=\"async\" width=\"1024\" height=\"683\" data-id=\"843\" src=\"https:\/\/amigosdeltambor.org\/wp-content\/uploads\/2022\/03\/IV-Muestra-de-Artesania-2012-14-1024x683.jpg\" alt=\"\" class=\"wp-image-843\" title=\"\" srcset=\"https:\/\/amigosdeltambor.org\/wp-content\/uploads\/2022\/03\/IV-Muestra-de-Artesania-2012-14-1024x683.jpg 1024w, https:\/\/amigosdeltambor.org\/wp-content\/uploads\/2022\/03\/IV-Muestra-de-Artesania-2012-14-300x200.jpg 300w, https:\/\/amigosdeltambor.org\/wp-content\/uploads\/2022\/03\/IV-Muestra-de-Artesania-2012-14-768x512.jpg 768w, https:\/\/amigosdeltambor.org\/wp-content\/uploads\/2022\/03\/IV-Muestra-de-Artesania-2012-14-1536x1024.jpg 1536w, https:\/\/amigosdeltambor.org\/wp-content\/uploads\/2022\/03\/IV-Muestra-de-Artesania-2012-14-2048x1365.jpg 2048w\" sizes=\"(max-width: 1024px) 100vw, 1024px\" \/><\/a><\/figure>\n<\/figure>\n\n\n\n<div class=\"wp-block-columns is-layout-flex wp-container-core-columns-is-layout-28f84493 wp-block-columns-is-layout-flex\">\n<div class=\"wp-block-column is-layout-flow wp-block-column-is-layout-flow\">\n<div class=\"wp-block-buttons is-content-justification-right is-layout-flex wp-container-core-buttons-is-layout-d445cf74 wp-block-buttons-is-layout-flex\">\n<div class=\"wp-block-button\"><a class=\"wp-block-button__link\" href=\"https:\/\/amigosdeltambor.org\/fr\/tobart\/tobart-2011\/\">2011<\/a><\/div>\n<\/div>\n<\/div>\n\n\n\n<div class=\"wp-block-column is-layout-flow wp-block-column-is-layout-flow\">\n<div class=\"wp-block-buttons is-layout-flex wp-block-buttons-is-layout-flex\">\n<div class=\"wp-block-button\"><a class=\"wp-block-button__link\" href=\"https:\/\/amigosdeltambor.org\/fr\/tobart\/tobart-2013\/\">2013<\/a><\/div>\n<\/div>\n<\/div>\n<\/div>\n\n\n\n<div class=\"wp-block-buttons is-layout-flex wp-block-buttons-is-layout-flex\">\n<div class=\"wp-block-button is-style-outline is-style-outline--2\"><a class=\"wp-block-button__link\" href=\"https:\/\/amigosdeltambor.org\/fr\/galeria_fotos\/iv-muestra-artesania-tobart-2012\/\">VER MAS FOTOS<\/a><\/div>\n<\/div>","protected":false},"featured_media":0,"template":"","class_list":["post-802","tobart","type-tobart","status-publish","hentry"],"acf":[],"uagb_featured_image_src":{"full":false,"thumbnail":false,"medium":false,"medium_large":false,"large":false,"1536x1536":false,"2048x2048":false,"trp-custom-language-flag":false},"uagb_author_info":{"display_name":"JUAN JOSE MARTINEZ OTALORA","author_link":"https:\/\/amigosdeltambor.org\/fr\/author\/"},"uagb_comment_info":0,"uagb_excerpt":"Este a\u00f1o la muestra se llev\u00f3 a cabo en la Avenida de la Constituci\u00f3n, pues el buen tiempo acompa\u00f1\u00f3, los d\u00edas 24 y 25 de marzo. En las semanas previas, el evento se dio a conocer con diversas notas de prensa, charlas y entrevistas en la radio. A parte de las muestras permanentes de los\u2026","_links":{"self":[{"href":"https:\/\/amigosdeltambor.org\/fr\/wp-json\/wp\/v2\/tobart\/802","targetHints":{"allow":["GET"]}}],"collection":[{"href":"https:\/\/amigosdeltambor.org\/fr\/wp-json\/wp\/v2\/tobart"}],"about":[{"href":"https:\/\/amigosdeltambor.org\/fr\/wp-json\/wp\/v2\/types\/tobart"}],"wp:attachment":[{"href":"https:\/\/amigosdeltambor.org\/fr\/wp-json\/wp\/v2\/media?parent=802"}],"curies":[{"name":"wp","href":"https:\/\/api.w.org\/{rel}","templated":true}]}}

<p>Este año la muestra se llevó a cabo en la <em>Avenida de la Constitución</em>, pues el buen tiempo acompañó, los días 24 y 25 de marzo. En las semanas previas, el evento se dio a conocer con diversas notas de prensa, charlas y entrevistas en la radio. A parte de las muestras permanentes de los artesanos, que se convirtieron estos primeros años en un imprescindible y una seña de identidad, los talleres y demostraciones se ampliaron, incluyendo grabación con “rotolín” de tornillos y aros, elaboración de piezas y reductoras, montaje de bordoneras, etc. Mientras todo esto estaba en marcha, la banda municipal de música amenizaba con un pasacalles, que culminó a las 20:00h con un fabuloso concierto de percusión en el que se congregaron, según estimaciones, cerca de 3000 espectadores.&nbsp;</p>



<p>En la siguiente jornada, y última, se dio continuación a las exposiciones y los talleres, cobrando especial relevancia los de puesta a punto del tambor y emparchado de pieles de cabrito, que tuvieron que repetirse en varias ocasiones debido a la demanda popular. A parte de todo esto, se expusieron más de 400 trabajos plásticos procedentes de niños y niñas de los tres colegios de Tobarra, con entrega de premios a los trabajos ganadores. El Colofón fue la exhibición de toque de tambor, este año especialmente nutrida, pues colaboraron: las escuelas infantiles de tambor de Tobarra, Hellín y Agramón, la <em>Cuadrilla Peo-Perdíos </em>(que fue la delegación oficial que fue a Alcora a representarnos en las <em>Jornadas de Exaltación del Tambor y el Bombo</em> de 2012) y tres tamborileros individuales. Fue otro momento de gran afluencia de público. A las 13:30h se dieron por finalizadas todas las actividades y hubo que desplazarse a la Plaza de Toros para la preceptiva comida de hermandad, como todos los años.</p>



<figure class="wp-block-gallery has-nested-images columns-default is-cropped wp-block-gallery-1 is-layout-flex wp-block-gallery-is-layout-flex">
<figure class="wp-block-image size-large"><a href="https://amigosdeltambor.org/wp-content/uploads/2022/03/IV-Muestra-de-Artesania-2012-1-1-scaled.jpg"><img fetchpriority="high" decoding="async" width="1024" height="683" data-id="842" src="https://amigosdeltambor.org/wp-content/uploads/2022/03/IV-Muestra-de-Artesania-2012-1-1-1024x683.jpg" alt="" class="wp-image-842" title="" srcset="https://amigosdeltambor.org/wp-content/uploads/2022/03/IV-Muestra-de-Artesania-2012-1-1-1024x683.jpg 1024w, https://amigosdeltambor.org/wp-content/uploads/2022/03/IV-Muestra-de-Artesania-2012-1-1-300x200.jpg 300w, https://amigosdeltambor.org/wp-content/uploads/2022/03/IV-Muestra-de-Artesania-2012-1-1-768x512.jpg 768w, https://amigosdeltambor.org/wp-content/uploads/2022/03/IV-Muestra-de-Artesania-2012-1-1-1536x1024.jpg 1536w, https://amigosdeltambor.org/wp-content/uploads/2022/03/IV-Muestra-de-Artesania-2012-1-1-2048x1365.jpg 2048w" sizes="(max-width: 1024px) 100vw, 1024px" /></a></figure>



<figure class="wp-block-image size-large"><a href="https://amigosdeltambor.org/wp-content/uploads/2022/03/IV-Muestra-de-Artesania-2012-2.jpg"><img decoding="async" width="1024" height="613" data-id="840" src="https://amigosdeltambor.org/wp-content/uploads/2022/03/IV-Muestra-de-Artesania-2012-2-1024x613.jpg" alt="" class="wp-image-840" title="" srcset="https://amigosdeltambor.org/wp-content/uploads/2022/03/IV-Muestra-de-Artesania-2012-2-1024x613.jpg 1024w, https://amigosdeltambor.org/wp-content/uploads/2022/03/IV-Muestra-de-Artesania-2012-2-300x179.jpg 300w, https://amigosdeltambor.org/wp-content/uploads/2022/03/IV-Muestra-de-Artesania-2012-2-768x460.jpg 768w, https://amigosdeltambor.org/wp-content/uploads/2022/03/IV-Muestra-de-Artesania-2012-2-1536x919.jpg 1536w, https://amigosdeltambor.org/wp-content/uploads/2022/03/IV-Muestra-de-Artesania-2012-2-2048x1225.jpg 2048w" sizes="(max-width: 1024px) 100vw, 1024px" /></a></figure>



<figure class="wp-block-image size-large"><a href="https://amigosdeltambor.org/wp-content/uploads/2022/03/IV-Muestra-de-Artesania-2012-4-scaled.jpg"><img decoding="async" width="1024" height="683" data-id="844" src="https://amigosdeltambor.org/wp-content/uploads/2022/03/IV-Muestra-de-Artesania-2012-4-1024x683.jpg" alt="" class="wp-image-844" title="" srcset="https://amigosdeltambor.org/wp-content/uploads/2022/03/IV-Muestra-de-Artesania-2012-4-1024x683.jpg 1024w, https://amigosdeltambor.org/wp-content/uploads/2022/03/IV-Muestra-de-Artesania-2012-4-300x200.jpg 300w, https://amigosdeltambor.org/wp-content/uploads/2022/03/IV-Muestra-de-Artesania-2012-4-768x512.jpg 768w, https://amigosdeltambor.org/wp-content/uploads/2022/03/IV-Muestra-de-Artesania-2012-4-1536x1024.jpg 1536w, https://amigosdeltambor.org/wp-content/uploads/2022/03/IV-Muestra-de-Artesania-2012-4-2048x1365.jpg 2048w" sizes="(max-width: 1024px) 100vw, 1024px" /></a></figure>



<figure class="wp-block-image size-large"><a href="https://amigosdeltambor.org/wp-content/uploads/2022/03/IV-Muestra-de-Artesania-2012-10-scaled.jpg"><img loading="lazy" decoding="async" width="1024" height="683" data-id="841" src="https://amigosdeltambor.org/wp-content/uploads/2022/03/IV-Muestra-de-Artesania-2012-10-1024x683.jpg" alt="" class="wp-image-841" title="" srcset="https://amigosdeltambor.org/wp-content/uploads/2022/03/IV-Muestra-de-Artesania-2012-10-1024x683.jpg 1024w, https://amigosdeltambor.org/wp-content/uploads/2022/03/IV-Muestra-de-Artesania-2012-10-300x200.jpg 300w, https://amigosdeltambor.org/wp-content/uploads/2022/03/IV-Muestra-de-Artesania-2012-10-768x512.jpg 768w, https://amigosdeltambor.org/wp-content/uploads/2022/03/IV-Muestra-de-Artesania-2012-10-1536x1024.jpg 1536w, https://amigosdeltambor.org/wp-content/uploads/2022/03/IV-Muestra-de-Artesania-2012-10-2048x1365.jpg 2048w" sizes="(max-width: 1024px) 100vw, 1024px" /></a></figure>



<figure class="wp-block-image size-large"><a href="https://amigosdeltambor.org/wp-content/uploads/2022/03/IV-Muestra-de-Artesania-2012-14-scaled.jpg"><img loading="lazy" decoding="async" width="1024" height="683" data-id="843" src="https://amigosdeltambor.org/wp-content/uploads/2022/03/IV-Muestra-de-Artesania-2012-14-1024x683.jpg" alt="" class="wp-image-843" title="" srcset="https://amigosdeltambor.org/wp-content/uploads/2022/03/IV-Muestra-de-Artesania-2012-14-1024x683.jpg 1024w, https://amigosdeltambor.org/wp-content/uploads/2022/03/IV-Muestra-de-Artesania-2012-14-300x200.jpg 300w, https://amigosdeltambor.org/wp-content/uploads/2022/03/IV-Muestra-de-Artesania-2012-14-768x512.jpg 768w, https://amigosdeltambor.org/wp-content/uploads/2022/03/IV-Muestra-de-Artesania-2012-14-1536x1024.jpg 1536w, https://amigosdeltambor.org/wp-content/uploads/2022/03/IV-Muestra-de-Artesania-2012-14-2048x1365.jpg 2048w" sizes="(max-width: 1024px) 100vw, 1024px" /></a></figure>
</figure>



<div class="wp-block-columns is-layout-flex wp-container-core-columns-is-layout-28f84493 wp-block-columns-is-layout-flex">
<div class="wp-block-column is-layout-flow wp-block-column-is-layout-flow">
<div class="wp-block-buttons is-content-justification-right is-layout-flex wp-container-core-buttons-is-layout-d445cf74 wp-block-buttons-is-layout-flex">
<div class="wp-block-button"><a class="wp-block-button__link" href="https://amigosdeltambor.org/fr/tobart/tobart-2011/">2011</a></div>
</div>
</div>



<div class="wp-block-column is-layout-flow wp-block-column-is-layout-flow">
<div class="wp-block-buttons is-layout-flex wp-block-buttons-is-layout-flex">
<div class="wp-block-button"><a class="wp-block-button__link" href="https://amigosdeltambor.org/fr/tobart/tobart-2013/">2013</a></div>
</div>
</div>
</div>



<div class="wp-block-buttons is-layout-flex wp-block-buttons-is-layout-flex">
<div class="wp-block-button is-style-outline is-style-outline--2"><a class="wp-block-button__link" href="https://amigosdeltambor.org/fr/galeria_fotos/iv-muestra-artesania-tobart-2012/">VER MAS FOTOS</a></div>
</div>

Este año la muestra se llevó a cabo en la Avenida de la Constitución, pues el buen tiempo acompañó, los días 24 y 25 de marzo. En las semanas previas, el evento se dio a conocer con diversas notas de prensa, charlas y entrevistas en la radio. A parte de las muestras permanentes de los…
