{"id":803,"date":"2022-03-29T20:20:35","date_gmt":"2022-03-29T20:20:35","guid":{"rendered":"https:\/\/amigosdeltambor.org\/?post_type=tobart&#038;p=803"},"modified":"2022-04-01T08:53:42","modified_gmt":"2022-04-01T08:53:42","slug":"tobart-2013","status":"publish","type":"tobart","link":"https:\/\/amigosdeltambor.org\/fr\/tobart\/tobart-2013\/","title":{"rendered":"Tob&#8217;Art 2013"},"content":{"rendered":"<figure class=\"wp-block-gallery has-nested-images columns-default is-cropped wp-block-gallery-1 is-layout-flex wp-block-gallery-is-layout-flex\">\n<figure class=\"wp-block-image size-large\"><a href=\"https:\/\/amigosdeltambor.org\/wp-content\/uploads\/2022\/03\/Elena-Lison.-Tob\u00b4Art-2013-59-scaled.jpg\"><img fetchpriority=\"high\" decoding=\"async\" width=\"1024\" height=\"768\" data-id=\"857\" src=\"https:\/\/amigosdeltambor.org\/wp-content\/uploads\/2022\/03\/Elena-Lison.-Tob\u00b4Art-2013-59-1024x768.jpg\" alt=\"\" class=\"wp-image-857\" title=\"\" srcset=\"https:\/\/amigosdeltambor.org\/wp-content\/uploads\/2022\/03\/Elena-Lison.-Tob\u00b4Art-2013-59-1024x768.jpg 1024w, https:\/\/amigosdeltambor.org\/wp-content\/uploads\/2022\/03\/Elena-Lison.-Tob\u00b4Art-2013-59-300x225.jpg 300w, https:\/\/amigosdeltambor.org\/wp-content\/uploads\/2022\/03\/Elena-Lison.-Tob\u00b4Art-2013-59-768x576.jpg 768w, https:\/\/amigosdeltambor.org\/wp-content\/uploads\/2022\/03\/Elena-Lison.-Tob\u00b4Art-2013-59-1536x1152.jpg 1536w, https:\/\/amigosdeltambor.org\/wp-content\/uploads\/2022\/03\/Elena-Lison.-Tob\u00b4Art-2013-59-2048x1536.jpg 2048w\" sizes=\"(max-width: 1024px) 100vw, 1024px\" \/><\/a><figcaption>Elena Lis\u00f3n<\/figcaption><\/figure>\n\n\n\n<figure class=\"wp-block-image size-large\"><a href=\"https:\/\/amigosdeltambor.org\/wp-content\/uploads\/2022\/03\/Muestra-Artesania-2013-Fotos-Conce-43.jpg\"><img decoding=\"async\" width=\"720\" height=\"960\" data-id=\"854\" src=\"https:\/\/amigosdeltambor.org\/wp-content\/uploads\/2022\/03\/Muestra-Artesania-2013-Fotos-Conce-43.jpg\" alt=\"\" class=\"wp-image-854\" title=\"\" srcset=\"https:\/\/amigosdeltambor.org\/wp-content\/uploads\/2022\/03\/Muestra-Artesania-2013-Fotos-Conce-43.jpg 720w, https:\/\/amigosdeltambor.org\/wp-content\/uploads\/2022\/03\/Muestra-Artesania-2013-Fotos-Conce-43-225x300.jpg 225w\" sizes=\"(max-width: 720px) 100vw, 720px\" \/><\/a><figcaption>Conce<\/figcaption><\/figure>\n\n\n\n<figure class=\"wp-block-image size-large\"><a href=\"https:\/\/amigosdeltambor.org\/wp-content\/uploads\/2022\/03\/Muestra-Artesania-2013-Fotos-Diego-12-scaled.jpg\"><img decoding=\"async\" width=\"1024\" height=\"683\" data-id=\"851\" src=\"https:\/\/amigosdeltambor.org\/wp-content\/uploads\/2022\/03\/Muestra-Artesania-2013-Fotos-Diego-12-1024x683.jpg\" alt=\"\" class=\"wp-image-851\" title=\"\" srcset=\"https:\/\/amigosdeltambor.org\/wp-content\/uploads\/2022\/03\/Muestra-Artesania-2013-Fotos-Diego-12-1024x683.jpg 1024w, https:\/\/amigosdeltambor.org\/wp-content\/uploads\/2022\/03\/Muestra-Artesania-2013-Fotos-Diego-12-300x200.jpg 300w, https:\/\/amigosdeltambor.org\/wp-content\/uploads\/2022\/03\/Muestra-Artesania-2013-Fotos-Diego-12-768x512.jpg 768w, https:\/\/amigosdeltambor.org\/wp-content\/uploads\/2022\/03\/Muestra-Artesania-2013-Fotos-Diego-12-1536x1024.jpg 1536w, https:\/\/amigosdeltambor.org\/wp-content\/uploads\/2022\/03\/Muestra-Artesania-2013-Fotos-Diego-12-2048x1365.jpg 2048w\" sizes=\"(max-width: 1024px) 100vw, 1024px\" \/><\/a><figcaption>Diego J. Santos<\/figcaption><\/figure>\n\n\n\n<figure class=\"wp-block-image size-large\"><a href=\"https:\/\/amigosdeltambor.org\/wp-content\/uploads\/2022\/03\/Muestra-Artesania-2013-Fotos-Diego-27-scaled.jpg\"><img loading=\"lazy\" decoding=\"async\" width=\"683\" height=\"1024\" data-id=\"859\" src=\"https:\/\/amigosdeltambor.org\/wp-content\/uploads\/2022\/03\/Muestra-Artesania-2013-Fotos-Diego-27-683x1024.jpg\" alt=\"\" class=\"wp-image-859\" title=\"\" srcset=\"https:\/\/amigosdeltambor.org\/wp-content\/uploads\/2022\/03\/Muestra-Artesania-2013-Fotos-Diego-27-683x1024.jpg 683w, https:\/\/amigosdeltambor.org\/wp-content\/uploads\/2022\/03\/Muestra-Artesania-2013-Fotos-Diego-27-200x300.jpg 200w, https:\/\/amigosdeltambor.org\/wp-content\/uploads\/2022\/03\/Muestra-Artesania-2013-Fotos-Diego-27-768x1152.jpg 768w, https:\/\/amigosdeltambor.org\/wp-content\/uploads\/2022\/03\/Muestra-Artesania-2013-Fotos-Diego-27-1024x1536.jpg 1024w, https:\/\/amigosdeltambor.org\/wp-content\/uploads\/2022\/03\/Muestra-Artesania-2013-Fotos-Diego-27-1365x2048.jpg 1365w, https:\/\/amigosdeltambor.org\/wp-content\/uploads\/2022\/03\/Muestra-Artesania-2013-Fotos-Diego-27-scaled.jpg 1706w\" sizes=\"(max-width: 683px) 100vw, 683px\" \/><\/a><figcaption>Diego J. Santos<\/figcaption><\/figure>\n\n\n\n<figure class=\"wp-block-image size-large\"><a href=\"https:\/\/amigosdeltambor.org\/wp-content\/uploads\/2022\/03\/Muestra-Artesania-2013-Fotos-Diego-62-scaled.jpg\"><img loading=\"lazy\" decoding=\"async\" width=\"1024\" height=\"683\" data-id=\"855\" src=\"https:\/\/amigosdeltambor.org\/wp-content\/uploads\/2022\/03\/Muestra-Artesania-2013-Fotos-Diego-62-1024x683.jpg\" alt=\"\" class=\"wp-image-855\" title=\"\" srcset=\"https:\/\/amigosdeltambor.org\/wp-content\/uploads\/2022\/03\/Muestra-Artesania-2013-Fotos-Diego-62-1024x683.jpg 1024w, https:\/\/amigosdeltambor.org\/wp-content\/uploads\/2022\/03\/Muestra-Artesania-2013-Fotos-Diego-62-300x200.jpg 300w, https:\/\/amigosdeltambor.org\/wp-content\/uploads\/2022\/03\/Muestra-Artesania-2013-Fotos-Diego-62-768x512.jpg 768w, https:\/\/amigosdeltambor.org\/wp-content\/uploads\/2022\/03\/Muestra-Artesania-2013-Fotos-Diego-62-1536x1024.jpg 1536w, https:\/\/amigosdeltambor.org\/wp-content\/uploads\/2022\/03\/Muestra-Artesania-2013-Fotos-Diego-62-2048x1365.jpg 2048w\" sizes=\"(max-width: 1024px) 100vw, 1024px\" \/><\/a><figcaption>Diego J. Santos<\/figcaption><\/figure>\n\n\n\n<figure class=\"wp-block-image size-large\"><a href=\"https:\/\/amigosdeltambor.org\/wp-content\/uploads\/2022\/03\/Muestra-Artesania-2013-Fotos-Diego-227-scaled.jpg\"><img loading=\"lazy\" decoding=\"async\" width=\"1024\" height=\"683\" data-id=\"858\" src=\"https:\/\/amigosdeltambor.org\/wp-content\/uploads\/2022\/03\/Muestra-Artesania-2013-Fotos-Diego-227-1024x683.jpg\" alt=\"\" class=\"wp-image-858\" title=\"\" srcset=\"https:\/\/amigosdeltambor.org\/wp-content\/uploads\/2022\/03\/Muestra-Artesania-2013-Fotos-Diego-227-1024x683.jpg 1024w, https:\/\/amigosdeltambor.org\/wp-content\/uploads\/2022\/03\/Muestra-Artesania-2013-Fotos-Diego-227-300x200.jpg 300w, https:\/\/amigosdeltambor.org\/wp-content\/uploads\/2022\/03\/Muestra-Artesania-2013-Fotos-Diego-227-768x512.jpg 768w, https:\/\/amigosdeltambor.org\/wp-content\/uploads\/2022\/03\/Muestra-Artesania-2013-Fotos-Diego-227-1536x1024.jpg 1536w, https:\/\/amigosdeltambor.org\/wp-content\/uploads\/2022\/03\/Muestra-Artesania-2013-Fotos-Diego-227-2048x1365.jpg 2048w\" sizes=\"(max-width: 1024px) 100vw, 1024px\" \/><\/a><figcaption>Diego J. Santos<\/figcaption><\/figure>\n<\/figure>\n\n\n\n<p>Este a\u00f1o se celebr\u00f3 el evento los d\u00edas 16 y 17 de marzo, de nuevo en la <em>Avenida de la Constituci\u00f3n<\/em>. El esquema fue bastante similar al de a\u00f1os anteriores, con algunas incorporaciones, como artesanos de Hell\u00edn y Alicante, o la inclusi\u00f3n de dos nuevos stands donde las cuadrillas tobarre\u00f1as pudieron exponer sus tambores y vestuario caracter\u00edstico.<\/p>\n\n\n\n<p>Continuaron los talleres de calado de aros y tornillos met\u00e1licos, el de fabricaci\u00f3n de aros de madera, as\u00ed como los de emparchado de pieles de cabrito y puesta a punto del tambor. A las 11:30 de domingo tendr\u00eda lugar el momento m\u00e1s esperado y que m\u00e1s \u00e9xito de afluencia tuvo, la exhibici\u00f3n de tambor, en la que en esta edici\u00f3n participaron diversas cuadrillas de Tobarra, la escuela infantil tambi\u00e9n de Tobarra y un tamborilero individual proveniente de Alzira.&nbsp;<\/p>\n\n\n\n<div class=\"wp-block-columns is-layout-flex wp-container-core-columns-is-layout-28f84493 wp-block-columns-is-layout-flex\">\n<div class=\"wp-block-column is-layout-flow wp-block-column-is-layout-flow\">\n<div class=\"wp-block-buttons is-content-justification-right is-layout-flex wp-container-core-buttons-is-layout-d445cf74 wp-block-buttons-is-layout-flex\">\n<div class=\"wp-block-button\"><a class=\"wp-block-button__link\" href=\"https:\/\/amigosdeltambor.org\/fr\/tobart\/tobart-2012\/\">2012<\/a><\/div>\n<\/div>\n<\/div>\n\n\n\n<div class=\"wp-block-column is-layout-flow wp-block-column-is-layout-flow\">\n<div class=\"wp-block-buttons is-layout-flex wp-block-buttons-is-layout-flex\">\n<div class=\"wp-block-button\"><a class=\"wp-block-button__link\" href=\"https:\/\/amigosdeltambor.org\/fr\/tobart\/tobart-2014\/\">2014<\/a><\/div>\n<\/div>\n<\/div>\n<\/div>\n\n\n\n<div class=\"wp-block-buttons is-layout-flex wp-block-buttons-is-layout-flex\">\n<div class=\"wp-block-button is-style-outline is-style-outline--2\"><a class=\"wp-block-button__link\" href=\"https:\/\/amigosdeltambor.org\/fr\/galeria_fotos\/v-muestra-artesania-tobart-2013\/\">VER MAS FOTOS<\/a><\/div>\n<\/div>","protected":false},"featured_media":0,"template":"","class_list":["post-803","tobart","type-tobart","status-publish","hentry"],"acf":[],"uagb_featured_image_src":{"full":false,"thumbnail":false,"medium":false,"medium_large":false,"large":false,"1536x1536":false,"2048x2048":false,"trp-custom-language-flag":false},"uagb_author_info":{"display_name":"JUAN JOSE MARTINEZ OTALORA","author_link":"https:\/\/amigosdeltambor.org\/fr\/author\/"},"uagb_comment_info":0,"uagb_excerpt":"Este a\u00f1o se celebr\u00f3 el evento los d\u00edas 16 y 17 de marzo, de nuevo en la Avenida de la Constituci\u00f3n. El esquema fue bastante similar al de a\u00f1os anteriores, con algunas incorporaciones, como artesanos de Hell\u00edn y Alicante, o la inclusi\u00f3n de dos nuevos stands donde las cuadrillas tobarre\u00f1as pudieron exponer sus tambores y\u2026","_links":{"self":[{"href":"https:\/\/amigosdeltambor.org\/fr\/wp-json\/wp\/v2\/tobart\/803","targetHints":{"allow":["GET"]}}],"collection":[{"href":"https:\/\/amigosdeltambor.org\/fr\/wp-json\/wp\/v2\/tobart"}],"about":[{"href":"https:\/\/amigosdeltambor.org\/fr\/wp-json\/wp\/v2\/types\/tobart"}],"wp:attachment":[{"href":"https:\/\/amigosdeltambor.org\/fr\/wp-json\/wp\/v2\/media?parent=803"}],"curies":[{"name":"wp","href":"https:\/\/api.w.org\/{rel}","templated":true}]}}

<figure class="wp-block-gallery has-nested-images columns-default is-cropped wp-block-gallery-1 is-layout-flex wp-block-gallery-is-layout-flex">
<figure class="wp-block-image size-large"><a href="https://amigosdeltambor.org/wp-content/uploads/2022/03/Elena-Lison.-Tob´Art-2013-59-scaled.jpg"><img fetchpriority="high" decoding="async" width="1024" height="768" data-id="857" src="https://amigosdeltambor.org/wp-content/uploads/2022/03/Elena-Lison.-Tob´Art-2013-59-1024x768.jpg" alt="" class="wp-image-857" title="" srcset="https://amigosdeltambor.org/wp-content/uploads/2022/03/Elena-Lison.-Tob´Art-2013-59-1024x768.jpg 1024w, https://amigosdeltambor.org/wp-content/uploads/2022/03/Elena-Lison.-Tob´Art-2013-59-300x225.jpg 300w, https://amigosdeltambor.org/wp-content/uploads/2022/03/Elena-Lison.-Tob´Art-2013-59-768x576.jpg 768w, https://amigosdeltambor.org/wp-content/uploads/2022/03/Elena-Lison.-Tob´Art-2013-59-1536x1152.jpg 1536w, https://amigosdeltambor.org/wp-content/uploads/2022/03/Elena-Lison.-Tob´Art-2013-59-2048x1536.jpg 2048w" sizes="(max-width: 1024px) 100vw, 1024px" /></a><figcaption>Elena Lisón</figcaption></figure>



<figure class="wp-block-image size-large"><a href="https://amigosdeltambor.org/wp-content/uploads/2022/03/Muestra-Artesania-2013-Fotos-Conce-43.jpg"><img decoding="async" width="720" height="960" data-id="854" src="https://amigosdeltambor.org/wp-content/uploads/2022/03/Muestra-Artesania-2013-Fotos-Conce-43.jpg" alt="" class="wp-image-854" title="" srcset="https://amigosdeltambor.org/wp-content/uploads/2022/03/Muestra-Artesania-2013-Fotos-Conce-43.jpg 720w, https://amigosdeltambor.org/wp-content/uploads/2022/03/Muestra-Artesania-2013-Fotos-Conce-43-225x300.jpg 225w" sizes="(max-width: 720px) 100vw, 720px" /></a><figcaption>Conce</figcaption></figure>



<figure class="wp-block-image size-large"><a href="https://amigosdeltambor.org/wp-content/uploads/2022/03/Muestra-Artesania-2013-Fotos-Diego-12-scaled.jpg"><img decoding="async" width="1024" height="683" data-id="851" src="https://amigosdeltambor.org/wp-content/uploads/2022/03/Muestra-Artesania-2013-Fotos-Diego-12-1024x683.jpg" alt="" class="wp-image-851" title="" srcset="https://amigosdeltambor.org/wp-content/uploads/2022/03/Muestra-Artesania-2013-Fotos-Diego-12-1024x683.jpg 1024w, https://amigosdeltambor.org/wp-content/uploads/2022/03/Muestra-Artesania-2013-Fotos-Diego-12-300x200.jpg 300w, https://amigosdeltambor.org/wp-content/uploads/2022/03/Muestra-Artesania-2013-Fotos-Diego-12-768x512.jpg 768w, https://amigosdeltambor.org/wp-content/uploads/2022/03/Muestra-Artesania-2013-Fotos-Diego-12-1536x1024.jpg 1536w, https://amigosdeltambor.org/wp-content/uploads/2022/03/Muestra-Artesania-2013-Fotos-Diego-12-2048x1365.jpg 2048w" sizes="(max-width: 1024px) 100vw, 1024px" /></a><figcaption>Diego J. Santos</figcaption></figure>



<figure class="wp-block-image size-large"><a href="https://amigosdeltambor.org/wp-content/uploads/2022/03/Muestra-Artesania-2013-Fotos-Diego-27-scaled.jpg"><img loading="lazy" decoding="async" width="683" height="1024" data-id="859" src="https://amigosdeltambor.org/wp-content/uploads/2022/03/Muestra-Artesania-2013-Fotos-Diego-27-683x1024.jpg" alt="" class="wp-image-859" title="" srcset="https://amigosdeltambor.org/wp-content/uploads/2022/03/Muestra-Artesania-2013-Fotos-Diego-27-683x1024.jpg 683w, https://amigosdeltambor.org/wp-content/uploads/2022/03/Muestra-Artesania-2013-Fotos-Diego-27-200x300.jpg 200w, https://amigosdeltambor.org/wp-content/uploads/2022/03/Muestra-Artesania-2013-Fotos-Diego-27-768x1152.jpg 768w, https://amigosdeltambor.org/wp-content/uploads/2022/03/Muestra-Artesania-2013-Fotos-Diego-27-1024x1536.jpg 1024w, https://amigosdeltambor.org/wp-content/uploads/2022/03/Muestra-Artesania-2013-Fotos-Diego-27-1365x2048.jpg 1365w, https://amigosdeltambor.org/wp-content/uploads/2022/03/Muestra-Artesania-2013-Fotos-Diego-27-scaled.jpg 1706w" sizes="(max-width: 683px) 100vw, 683px" /></a><figcaption>Diego J. Santos</figcaption></figure>



<figure class="wp-block-image size-large"><a href="https://amigosdeltambor.org/wp-content/uploads/2022/03/Muestra-Artesania-2013-Fotos-Diego-62-scaled.jpg"><img loading="lazy" decoding="async" width="1024" height="683" data-id="855" src="https://amigosdeltambor.org/wp-content/uploads/2022/03/Muestra-Artesania-2013-Fotos-Diego-62-1024x683.jpg" alt="" class="wp-image-855" title="" srcset="https://amigosdeltambor.org/wp-content/uploads/2022/03/Muestra-Artesania-2013-Fotos-Diego-62-1024x683.jpg 1024w, https://amigosdeltambor.org/wp-content/uploads/2022/03/Muestra-Artesania-2013-Fotos-Diego-62-300x200.jpg 300w, https://amigosdeltambor.org/wp-content/uploads/2022/03/Muestra-Artesania-2013-Fotos-Diego-62-768x512.jpg 768w, https://amigosdeltambor.org/wp-content/uploads/2022/03/Muestra-Artesania-2013-Fotos-Diego-62-1536x1024.jpg 1536w, https://amigosdeltambor.org/wp-content/uploads/2022/03/Muestra-Artesania-2013-Fotos-Diego-62-2048x1365.jpg 2048w" sizes="(max-width: 1024px) 100vw, 1024px" /></a><figcaption>Diego J. Santos</figcaption></figure>



<figure class="wp-block-image size-large"><a href="https://amigosdeltambor.org/wp-content/uploads/2022/03/Muestra-Artesania-2013-Fotos-Diego-227-scaled.jpg"><img loading="lazy" decoding="async" width="1024" height="683" data-id="858" src="https://amigosdeltambor.org/wp-content/uploads/2022/03/Muestra-Artesania-2013-Fotos-Diego-227-1024x683.jpg" alt="" class="wp-image-858" title="" srcset="https://amigosdeltambor.org/wp-content/uploads/2022/03/Muestra-Artesania-2013-Fotos-Diego-227-1024x683.jpg 1024w, https://amigosdeltambor.org/wp-content/uploads/2022/03/Muestra-Artesania-2013-Fotos-Diego-227-300x200.jpg 300w, https://amigosdeltambor.org/wp-content/uploads/2022/03/Muestra-Artesania-2013-Fotos-Diego-227-768x512.jpg 768w, https://amigosdeltambor.org/wp-content/uploads/2022/03/Muestra-Artesania-2013-Fotos-Diego-227-1536x1024.jpg 1536w, https://amigosdeltambor.org/wp-content/uploads/2022/03/Muestra-Artesania-2013-Fotos-Diego-227-2048x1365.jpg 2048w" sizes="(max-width: 1024px) 100vw, 1024px" /></a><figcaption>Diego J. Santos</figcaption></figure>
</figure>



<p>Este año se celebró el evento los días 16 y 17 de marzo, de nuevo en la <em>Avenida de la Constitución</em>. El esquema fue bastante similar al de años anteriores, con algunas incorporaciones, como artesanos de Hellín y Alicante, o la inclusión de dos nuevos stands donde las cuadrillas tobarreñas pudieron exponer sus tambores y vestuario característico.</p>



<p>Continuaron los talleres de calado de aros y tornillos metálicos, el de fabricación de aros de madera, así como los de emparchado de pieles de cabrito y puesta a punto del tambor. A las 11:30 de domingo tendría lugar el momento más esperado y que más éxito de afluencia tuvo, la exhibición de tambor, en la que en esta edición participaron diversas cuadrillas de Tobarra, la escuela infantil también de Tobarra y un tamborilero individual proveniente de Alzira.&nbsp;</p>



<div class="wp-block-columns is-layout-flex wp-container-core-columns-is-layout-28f84493 wp-block-columns-is-layout-flex">
<div class="wp-block-column is-layout-flow wp-block-column-is-layout-flow">
<div class="wp-block-buttons is-content-justification-right is-layout-flex wp-container-core-buttons-is-layout-d445cf74 wp-block-buttons-is-layout-flex">
<div class="wp-block-button"><a class="wp-block-button__link" href="https://amigosdeltambor.org/fr/tobart/tobart-2012/">2012</a></div>
</div>
</div>



<div class="wp-block-column is-layout-flow wp-block-column-is-layout-flow">
<div class="wp-block-buttons is-layout-flex wp-block-buttons-is-layout-flex">
<div class="wp-block-button"><a class="wp-block-button__link" href="https://amigosdeltambor.org/fr/tobart/tobart-2014/">2014</a></div>
</div>
</div>
</div>



<div class="wp-block-buttons is-layout-flex wp-block-buttons-is-layout-flex">
<div class="wp-block-button is-style-outline is-style-outline--2"><a class="wp-block-button__link" href="https://amigosdeltambor.org/fr/galeria_fotos/v-muestra-artesania-tobart-2013/">VER MAS FOTOS</a></div>
</div>

Este año se celebró el evento los días 16 y 17 de marzo, de nuevo en la Avenida de la Constitución. El esquema fue bastante similar al de años anteriores, con algunas incorporaciones, como artesanos de Hellín y Alicante, o la inclusión de dos nuevos stands donde las cuadrillas tobarreñas pudieron exponer sus tambores y…
