{"id":809,"date":"2022-03-29T22:13:02","date_gmt":"2022-03-29T22:13:02","guid":{"rendered":"https:\/\/amigosdeltambor.org\/?post_type=tobart&#038;p=809"},"modified":"2023-03-23T17:56:59","modified_gmt":"2023-03-23T17:56:59","slug":"tobart-2019","status":"publish","type":"tobart","link":"https:\/\/amigosdeltambor.org\/fr\/tobart\/tobart-2019\/","title":{"rendered":"Tob&#8217;Art 2019"},"content":{"rendered":"<figure class=\"wp-block-gallery has-nested-images columns-default is-cropped wp-block-gallery-1 is-layout-flex wp-block-gallery-is-layout-flex\">\n<figure class=\"wp-block-image size-large\"><a href=\"https:\/\/amigosdeltambor.org\/wp-content\/uploads\/2022\/03\/XI-Muestra-de-Artesania-2019-2-2-scaled.jpg\"><img fetchpriority=\"high\" decoding=\"async\" width=\"1024\" height=\"640\" data-id=\"913\" src=\"https:\/\/amigosdeltambor.org\/wp-content\/uploads\/2022\/03\/XI-Muestra-de-Artesania-2019-2-2-1024x640.jpg\" alt=\"\" class=\"wp-image-913\" title=\"\" srcset=\"https:\/\/amigosdeltambor.org\/wp-content\/uploads\/2022\/03\/XI-Muestra-de-Artesania-2019-2-2-1024x640.jpg 1024w, https:\/\/amigosdeltambor.org\/wp-content\/uploads\/2022\/03\/XI-Muestra-de-Artesania-2019-2-2-300x188.jpg 300w, https:\/\/amigosdeltambor.org\/wp-content\/uploads\/2022\/03\/XI-Muestra-de-Artesania-2019-2-2-768x480.jpg 768w, https:\/\/amigosdeltambor.org\/wp-content\/uploads\/2022\/03\/XI-Muestra-de-Artesania-2019-2-2-1536x960.jpg 1536w, https:\/\/amigosdeltambor.org\/wp-content\/uploads\/2022\/03\/XI-Muestra-de-Artesania-2019-2-2-2048x1280.jpg 2048w\" sizes=\"(max-width: 1024px) 100vw, 1024px\" \/><\/a><\/figure>\n\n\n\n<figure class=\"wp-block-image size-large\"><a href=\"https:\/\/amigosdeltambor.org\/wp-content\/uploads\/2022\/03\/XI-Muestra-de-Artesania-2019-6-2-scaled.jpg\"><img decoding=\"async\" width=\"1024\" height=\"682\" data-id=\"914\" src=\"https:\/\/amigosdeltambor.org\/wp-content\/uploads\/2022\/03\/XI-Muestra-de-Artesania-2019-6-2-1024x682.jpg\" alt=\"\" class=\"wp-image-914\" title=\"\" srcset=\"https:\/\/amigosdeltambor.org\/wp-content\/uploads\/2022\/03\/XI-Muestra-de-Artesania-2019-6-2-1024x682.jpg 1024w, https:\/\/amigosdeltambor.org\/wp-content\/uploads\/2022\/03\/XI-Muestra-de-Artesania-2019-6-2-300x200.jpg 300w, https:\/\/amigosdeltambor.org\/wp-content\/uploads\/2022\/03\/XI-Muestra-de-Artesania-2019-6-2-768x511.jpg 768w, https:\/\/amigosdeltambor.org\/wp-content\/uploads\/2022\/03\/XI-Muestra-de-Artesania-2019-6-2-1536x1022.jpg 1536w, https:\/\/amigosdeltambor.org\/wp-content\/uploads\/2022\/03\/XI-Muestra-de-Artesania-2019-6-2-2048x1363.jpg 2048w\" sizes=\"(max-width: 1024px) 100vw, 1024px\" \/><\/a><\/figure>\n\n\n\n<figure class=\"wp-block-image size-large\"><a href=\"https:\/\/amigosdeltambor.org\/wp-content\/uploads\/2022\/03\/XI-Muestra-de-Artesania-2019-8-2-scaled.jpg\"><img decoding=\"async\" width=\"1024\" height=\"682\" data-id=\"917\" src=\"https:\/\/amigosdeltambor.org\/wp-content\/uploads\/2022\/03\/XI-Muestra-de-Artesania-2019-8-2-1024x682.jpg\" alt=\"\" class=\"wp-image-917\" title=\"\" srcset=\"https:\/\/amigosdeltambor.org\/wp-content\/uploads\/2022\/03\/XI-Muestra-de-Artesania-2019-8-2-1024x682.jpg 1024w, https:\/\/amigosdeltambor.org\/wp-content\/uploads\/2022\/03\/XI-Muestra-de-Artesania-2019-8-2-300x200.jpg 300w, https:\/\/amigosdeltambor.org\/wp-content\/uploads\/2022\/03\/XI-Muestra-de-Artesania-2019-8-2-768x511.jpg 768w, https:\/\/amigosdeltambor.org\/wp-content\/uploads\/2022\/03\/XI-Muestra-de-Artesania-2019-8-2-1536x1022.jpg 1536w, https:\/\/amigosdeltambor.org\/wp-content\/uploads\/2022\/03\/XI-Muestra-de-Artesania-2019-8-2-2048x1363.jpg 2048w\" sizes=\"(max-width: 1024px) 100vw, 1024px\" \/><\/a><\/figure>\n\n\n\n<figure class=\"wp-block-image size-large\"><a href=\"https:\/\/amigosdeltambor.org\/wp-content\/uploads\/2022\/03\/XI-Muestra-de-Artesania-2019-9-2-scaled.jpg\"><img loading=\"lazy\" decoding=\"async\" width=\"1024\" height=\"682\" data-id=\"916\" src=\"https:\/\/amigosdeltambor.org\/wp-content\/uploads\/2022\/03\/XI-Muestra-de-Artesania-2019-9-2-1024x682.jpg\" alt=\"\" class=\"wp-image-916\" title=\"\" srcset=\"https:\/\/amigosdeltambor.org\/wp-content\/uploads\/2022\/03\/XI-Muestra-de-Artesania-2019-9-2-1024x682.jpg 1024w, https:\/\/amigosdeltambor.org\/wp-content\/uploads\/2022\/03\/XI-Muestra-de-Artesania-2019-9-2-300x200.jpg 300w, https:\/\/amigosdeltambor.org\/wp-content\/uploads\/2022\/03\/XI-Muestra-de-Artesania-2019-9-2-768x511.jpg 768w, https:\/\/amigosdeltambor.org\/wp-content\/uploads\/2022\/03\/XI-Muestra-de-Artesania-2019-9-2-1536x1022.jpg 1536w, https:\/\/amigosdeltambor.org\/wp-content\/uploads\/2022\/03\/XI-Muestra-de-Artesania-2019-9-2-2048x1363.jpg 2048w\" sizes=\"(max-width: 1024px) 100vw, 1024px\" \/><\/a><\/figure>\n\n\n\n<figure class=\"wp-block-image size-large\"><a href=\"https:\/\/amigosdeltambor.org\/wp-content\/uploads\/2022\/03\/XI-Muestra-de-Artesania-2019-13-2-scaled.jpg\"><img loading=\"lazy\" decoding=\"async\" width=\"1024\" height=\"682\" data-id=\"918\" src=\"https:\/\/amigosdeltambor.org\/wp-content\/uploads\/2022\/03\/XI-Muestra-de-Artesania-2019-13-2-1024x682.jpg\" alt=\"\" class=\"wp-image-918\" title=\"\" srcset=\"https:\/\/amigosdeltambor.org\/wp-content\/uploads\/2022\/03\/XI-Muestra-de-Artesania-2019-13-2-1024x682.jpg 1024w, https:\/\/amigosdeltambor.org\/wp-content\/uploads\/2022\/03\/XI-Muestra-de-Artesania-2019-13-2-300x200.jpg 300w, https:\/\/amigosdeltambor.org\/wp-content\/uploads\/2022\/03\/XI-Muestra-de-Artesania-2019-13-2-768x511.jpg 768w, https:\/\/amigosdeltambor.org\/wp-content\/uploads\/2022\/03\/XI-Muestra-de-Artesania-2019-13-2-1536x1022.jpg 1536w, https:\/\/amigosdeltambor.org\/wp-content\/uploads\/2022\/03\/XI-Muestra-de-Artesania-2019-13-2-2048x1363.jpg 2048w\" sizes=\"(max-width: 1024px) 100vw, 1024px\" \/><\/a><\/figure>\n\n\n\n<figure class=\"wp-block-image size-large\"><a href=\"https:\/\/amigosdeltambor.org\/wp-content\/uploads\/2022\/03\/XI-Muestra-de-Artesania-2019-18-2-scaled.jpg\"><img loading=\"lazy\" decoding=\"async\" width=\"1024\" height=\"682\" data-id=\"919\" src=\"https:\/\/amigosdeltambor.org\/wp-content\/uploads\/2022\/03\/XI-Muestra-de-Artesania-2019-18-2-1024x682.jpg\" alt=\"\" class=\"wp-image-919\" title=\"\" srcset=\"https:\/\/amigosdeltambor.org\/wp-content\/uploads\/2022\/03\/XI-Muestra-de-Artesania-2019-18-2-1024x682.jpg 1024w, https:\/\/amigosdeltambor.org\/wp-content\/uploads\/2022\/03\/XI-Muestra-de-Artesania-2019-18-2-300x200.jpg 300w, https:\/\/amigosdeltambor.org\/wp-content\/uploads\/2022\/03\/XI-Muestra-de-Artesania-2019-18-2-768x511.jpg 768w, https:\/\/amigosdeltambor.org\/wp-content\/uploads\/2022\/03\/XI-Muestra-de-Artesania-2019-18-2-1536x1022.jpg 1536w, https:\/\/amigosdeltambor.org\/wp-content\/uploads\/2022\/03\/XI-Muestra-de-Artesania-2019-18-2-2048x1363.jpg 2048w\" sizes=\"(max-width: 1024px) 100vw, 1024px\" \/><\/a><\/figure>\n<\/figure>\n\n\n\n<p>La \u00faltima edici\u00f3n de <em>Tob\u2019Art<\/em> (debido a los problemas derivados a la pandemia mundial de COVID-19) repiti\u00f3 ubicaci\u00f3n en <em>La Cubierta<\/em>, los d\u00edas 6 y 7 de abril. Con el objetivo de no repetirnos en exceso, pasamos directamente a mencionar las novedades y modificaciones m\u00e1s destacadas:<\/p>\n\n\n\n<p><br>Se pudo llevar a cabo el pasacalles de las escuelas de tambor infantil y de adultos que el a\u00f1o pasado hubo que anular (y se incluyeron cuadrillas y pueblos invitados), se instal\u00f3 un \u201cfotomat\u00f3n\u201d con motivos tamborileros, para que los interesados pudiesen inmortalizar el momento de una forma original, se present\u00f3 el logotipo de lo que en adelante pasar\u00eda a llamarse <em>Tamborada Nacional<\/em> (antes Jornadas de Exaltaci\u00f3n del Tambor y el Bombo, evento de relevancia capital para el tambor en general, y ese para Tobarra en particular) que en 2021, y despu\u00e9s de m\u00e1s de 20 a\u00f1os, tendr\u00eda a Tobarra como pueblo anfitri\u00f3n (lamentablemente la convocatoria qued\u00f3 en suspenso hasta nuevo aviso oficial, por los infaustos motivos que todo el mundo puede figurarse). El concierto del s\u00e1bado noche lo protagoniz\u00f3 el grupo de tributos (<em>Estopa, Melendi, Extremoduro, El Barrio<\/em>, etc.) y flamenco-pop <em>Al Son de la Luna<\/em>, y las exhibiciones se centraron en las escuelas de tambor de diversos municipios, en concreto de Tobarra, Hell\u00edn, Agram\u00f3n y Jumilla. A parte de las escuelas, y como no pod\u00eda ser de otro modo, puso colof\u00f3n al acto la cuadrilla que fue delegaci\u00f3n de <em>Tobarra en la Tamborada Nacional 2019 <\/em>, en el pueblo vecino Agram\u00f3n: <em>La Jarra<\/em>.<\/p>\n\n\n\n<div class=\"wp-block-group\"><div class=\"wp-block-group__inner-container is-layout-constrained wp-block-group-is-layout-constrained\">\n<div class=\"wp-block-columns is-layout-flex wp-container-core-columns-is-layout-28f84493 wp-block-columns-is-layout-flex\">\n<div class=\"wp-block-column is-layout-flow wp-block-column-is-layout-flow\">\n<div class=\"wp-block-buttons is-content-justification-center is-layout-flex wp-container-core-buttons-is-layout-a89b3969 wp-block-buttons-is-layout-flex\">\n<div class=\"wp-block-button\"><a class=\"wp-block-button__link wp-element-button\" href=\"https:\/\/amigosdeltambor.org\/fr\/tobart\/tobart-2018\/\">2018<\/a><\/div>\n\n\n\n<div class=\"wp-block-button\"><a class=\"wp-block-button__link wp-element-button\" href=\"https:\/\/amigosdeltambor.org\/fr\/tobart\/tobart-2022\/\">2022<\/a><\/div>\n<\/div>\n<\/div>\n<\/div>\n<\/div><\/div>\n\n\n\n<div class=\"wp-block-buttons is-layout-flex wp-block-buttons-is-layout-flex\">\n<div class=\"wp-block-button is-style-outline is-style-outline--2\"><a class=\"wp-block-button__link wp-element-button\" href=\"https:\/\/amigosdeltambor.org\/fr\/galeria_fotos\/ix-muestra-artesania-tobart-2019\/\">VER M\u00c1S FOTOS<\/a><\/div>\n<\/div>\n\n\n\n<p><\/p>","protected":false},"featured_media":0,"template":"","class_list":["post-809","tobart","type-tobart","status-publish","hentry"],"acf":[],"uagb_featured_image_src":{"full":false,"thumbnail":false,"medium":false,"medium_large":false,"large":false,"1536x1536":false,"2048x2048":false,"trp-custom-language-flag":false},"uagb_author_info":{"display_name":"ANGEL JESUS DAVIA PE\u0084\u00d1A","author_link":"https:\/\/amigosdeltambor.org\/fr\/author\/"},"uagb_comment_info":0,"uagb_excerpt":"La \u00faltima edici\u00f3n de Tob\u2019Art (debido a los problemas derivados a la pandemia mundial de COVID-19) repiti\u00f3 ubicaci\u00f3n en La Cubierta, los d\u00edas 6 y 7 de abril. Con el objetivo de no repetirnos en exceso, pasamos directamente a mencionar las novedades y modificaciones m\u00e1s destacadas: Se pudo llevar a cabo el pasacalles de las\u2026","_links":{"self":[{"href":"https:\/\/amigosdeltambor.org\/fr\/wp-json\/wp\/v2\/tobart\/809","targetHints":{"allow":["GET"]}}],"collection":[{"href":"https:\/\/amigosdeltambor.org\/fr\/wp-json\/wp\/v2\/tobart"}],"about":[{"href":"https:\/\/amigosdeltambor.org\/fr\/wp-json\/wp\/v2\/types\/tobart"}],"wp:attachment":[{"href":"https:\/\/amigosdeltambor.org\/fr\/wp-json\/wp\/v2\/media?parent=809"}],"curies":[{"name":"wp","href":"https:\/\/api.w.org\/{rel}","templated":true}]}}

<figure class="wp-block-gallery has-nested-images columns-default is-cropped wp-block-gallery-1 is-layout-flex wp-block-gallery-is-layout-flex">
<figure class="wp-block-image size-large"><a href="https://amigosdeltambor.org/wp-content/uploads/2022/03/XI-Muestra-de-Artesania-2019-2-2-scaled.jpg"><img fetchpriority="high" decoding="async" width="1024" height="640" data-id="913" src="https://amigosdeltambor.org/wp-content/uploads/2022/03/XI-Muestra-de-Artesania-2019-2-2-1024x640.jpg" alt="" class="wp-image-913" title="" srcset="https://amigosdeltambor.org/wp-content/uploads/2022/03/XI-Muestra-de-Artesania-2019-2-2-1024x640.jpg 1024w, https://amigosdeltambor.org/wp-content/uploads/2022/03/XI-Muestra-de-Artesania-2019-2-2-300x188.jpg 300w, https://amigosdeltambor.org/wp-content/uploads/2022/03/XI-Muestra-de-Artesania-2019-2-2-768x480.jpg 768w, https://amigosdeltambor.org/wp-content/uploads/2022/03/XI-Muestra-de-Artesania-2019-2-2-1536x960.jpg 1536w, https://amigosdeltambor.org/wp-content/uploads/2022/03/XI-Muestra-de-Artesania-2019-2-2-2048x1280.jpg 2048w" sizes="(max-width: 1024px) 100vw, 1024px" /></a></figure>



<figure class="wp-block-image size-large"><a href="https://amigosdeltambor.org/wp-content/uploads/2022/03/XI-Muestra-de-Artesania-2019-6-2-scaled.jpg"><img decoding="async" width="1024" height="682" data-id="914" src="https://amigosdeltambor.org/wp-content/uploads/2022/03/XI-Muestra-de-Artesania-2019-6-2-1024x682.jpg" alt="" class="wp-image-914" title="" srcset="https://amigosdeltambor.org/wp-content/uploads/2022/03/XI-Muestra-de-Artesania-2019-6-2-1024x682.jpg 1024w, https://amigosdeltambor.org/wp-content/uploads/2022/03/XI-Muestra-de-Artesania-2019-6-2-300x200.jpg 300w, https://amigosdeltambor.org/wp-content/uploads/2022/03/XI-Muestra-de-Artesania-2019-6-2-768x511.jpg 768w, https://amigosdeltambor.org/wp-content/uploads/2022/03/XI-Muestra-de-Artesania-2019-6-2-1536x1022.jpg 1536w, https://amigosdeltambor.org/wp-content/uploads/2022/03/XI-Muestra-de-Artesania-2019-6-2-2048x1363.jpg 2048w" sizes="(max-width: 1024px) 100vw, 1024px" /></a></figure>



<figure class="wp-block-image size-large"><a href="https://amigosdeltambor.org/wp-content/uploads/2022/03/XI-Muestra-de-Artesania-2019-8-2-scaled.jpg"><img decoding="async" width="1024" height="682" data-id="917" src="https://amigosdeltambor.org/wp-content/uploads/2022/03/XI-Muestra-de-Artesania-2019-8-2-1024x682.jpg" alt="" class="wp-image-917" title="" srcset="https://amigosdeltambor.org/wp-content/uploads/2022/03/XI-Muestra-de-Artesania-2019-8-2-1024x682.jpg 1024w, https://amigosdeltambor.org/wp-content/uploads/2022/03/XI-Muestra-de-Artesania-2019-8-2-300x200.jpg 300w, https://amigosdeltambor.org/wp-content/uploads/2022/03/XI-Muestra-de-Artesania-2019-8-2-768x511.jpg 768w, https://amigosdeltambor.org/wp-content/uploads/2022/03/XI-Muestra-de-Artesania-2019-8-2-1536x1022.jpg 1536w, https://amigosdeltambor.org/wp-content/uploads/2022/03/XI-Muestra-de-Artesania-2019-8-2-2048x1363.jpg 2048w" sizes="(max-width: 1024px) 100vw, 1024px" /></a></figure>



<figure class="wp-block-image size-large"><a href="https://amigosdeltambor.org/wp-content/uploads/2022/03/XI-Muestra-de-Artesania-2019-9-2-scaled.jpg"><img loading="lazy" decoding="async" width="1024" height="682" data-id="916" src="https://amigosdeltambor.org/wp-content/uploads/2022/03/XI-Muestra-de-Artesania-2019-9-2-1024x682.jpg" alt="" class="wp-image-916" title="" srcset="https://amigosdeltambor.org/wp-content/uploads/2022/03/XI-Muestra-de-Artesania-2019-9-2-1024x682.jpg 1024w, https://amigosdeltambor.org/wp-content/uploads/2022/03/XI-Muestra-de-Artesania-2019-9-2-300x200.jpg 300w, https://amigosdeltambor.org/wp-content/uploads/2022/03/XI-Muestra-de-Artesania-2019-9-2-768x511.jpg 768w, https://amigosdeltambor.org/wp-content/uploads/2022/03/XI-Muestra-de-Artesania-2019-9-2-1536x1022.jpg 1536w, https://amigosdeltambor.org/wp-content/uploads/2022/03/XI-Muestra-de-Artesania-2019-9-2-2048x1363.jpg 2048w" sizes="(max-width: 1024px) 100vw, 1024px" /></a></figure>



<figure class="wp-block-image size-large"><a href="https://amigosdeltambor.org/wp-content/uploads/2022/03/XI-Muestra-de-Artesania-2019-13-2-scaled.jpg"><img loading="lazy" decoding="async" width="1024" height="682" data-id="918" src="https://amigosdeltambor.org/wp-content/uploads/2022/03/XI-Muestra-de-Artesania-2019-13-2-1024x682.jpg" alt="" class="wp-image-918" title="" srcset="https://amigosdeltambor.org/wp-content/uploads/2022/03/XI-Muestra-de-Artesania-2019-13-2-1024x682.jpg 1024w, https://amigosdeltambor.org/wp-content/uploads/2022/03/XI-Muestra-de-Artesania-2019-13-2-300x200.jpg 300w, https://amigosdeltambor.org/wp-content/uploads/2022/03/XI-Muestra-de-Artesania-2019-13-2-768x511.jpg 768w, https://amigosdeltambor.org/wp-content/uploads/2022/03/XI-Muestra-de-Artesania-2019-13-2-1536x1022.jpg 1536w, https://amigosdeltambor.org/wp-content/uploads/2022/03/XI-Muestra-de-Artesania-2019-13-2-2048x1363.jpg 2048w" sizes="(max-width: 1024px) 100vw, 1024px" /></a></figure>



<figure class="wp-block-image size-large"><a href="https://amigosdeltambor.org/wp-content/uploads/2022/03/XI-Muestra-de-Artesania-2019-18-2-scaled.jpg"><img loading="lazy" decoding="async" width="1024" height="682" data-id="919" src="https://amigosdeltambor.org/wp-content/uploads/2022/03/XI-Muestra-de-Artesania-2019-18-2-1024x682.jpg" alt="" class="wp-image-919" title="" srcset="https://amigosdeltambor.org/wp-content/uploads/2022/03/XI-Muestra-de-Artesania-2019-18-2-1024x682.jpg 1024w, https://amigosdeltambor.org/wp-content/uploads/2022/03/XI-Muestra-de-Artesania-2019-18-2-300x200.jpg 300w, https://amigosdeltambor.org/wp-content/uploads/2022/03/XI-Muestra-de-Artesania-2019-18-2-768x511.jpg 768w, https://amigosdeltambor.org/wp-content/uploads/2022/03/XI-Muestra-de-Artesania-2019-18-2-1536x1022.jpg 1536w, https://amigosdeltambor.org/wp-content/uploads/2022/03/XI-Muestra-de-Artesania-2019-18-2-2048x1363.jpg 2048w" sizes="(max-width: 1024px) 100vw, 1024px" /></a></figure>
</figure>



<p>La última edición de <em>Tob’Art</em> (debido a los problemas derivados a la pandemia mundial de COVID-19) repitió ubicación en <em>La Cubierta</em>, los días 6 y 7 de abril. Con el objetivo de no repetirnos en exceso, pasamos directamente a mencionar las novedades y modificaciones más destacadas:</p>



<p><br>Se pudo llevar a cabo el pasacalles de las escuelas de tambor infantil y de adultos que el año pasado hubo que anular (y se incluyeron cuadrillas y pueblos invitados), se instaló un “fotomatón” con motivos tamborileros, para que los interesados pudiesen inmortalizar el momento de una forma original, se presentó el logotipo de lo que en adelante pasaría a llamarse <em>Tamborada Nacional</em> (antes Jornadas de Exaltación del Tambor y el Bombo, evento de relevancia capital para el tambor en general, y ese para Tobarra en particular) que en 2021, y después de más de 20 años, tendría a Tobarra como pueblo anfitrión (lamentablemente la convocatoria quedó en suspenso hasta nuevo aviso oficial, por los infaustos motivos que todo el mundo puede figurarse). El concierto del sábado noche lo protagonizó el grupo de tributos (<em>Estopa, Melendi, Extremoduro, El Barrio</em>, etc.) y flamenco-pop <em>Al Son de la Luna</em>, y las exhibiciones se centraron en las escuelas de tambor de diversos municipios, en concreto de Tobarra, Hellín, Agramón y Jumilla. A parte de las escuelas, y como no podía ser de otro modo, puso colofón al acto la cuadrilla que fue delegación de <em>Tobarra en la Tamborada Nacional 2019 </em>, en el pueblo vecino Agramón: <em>La Jarra</em>.</p>



<div class="wp-block-group"><div class="wp-block-group__inner-container is-layout-constrained wp-block-group-is-layout-constrained">
<div class="wp-block-columns is-layout-flex wp-container-core-columns-is-layout-28f84493 wp-block-columns-is-layout-flex">
<div class="wp-block-column is-layout-flow wp-block-column-is-layout-flow">
<div class="wp-block-buttons is-content-justification-center is-layout-flex wp-container-core-buttons-is-layout-a89b3969 wp-block-buttons-is-layout-flex">
<div class="wp-block-button"><a class="wp-block-button__link wp-element-button" href="https://amigosdeltambor.org/fr/tobart/tobart-2018/">2018</a></div>



<div class="wp-block-button"><a class="wp-block-button__link wp-element-button" href="https://amigosdeltambor.org/fr/tobart/tobart-2022/">2022</a></div>
</div>
</div>
</div>
</div></div>



<div class="wp-block-buttons is-layout-flex wp-block-buttons-is-layout-flex">
<div class="wp-block-button is-style-outline is-style-outline--2"><a class="wp-block-button__link wp-element-button" href="https://amigosdeltambor.org/fr/galeria_fotos/ix-muestra-artesania-tobart-2019/">VER MÁS FOTOS</a></div>
</div>



<p></p>

ANGEL JESUS DAVIA PEÑA

La última edición de Tob’Art (debido a los problemas derivados a la pandemia mundial de COVID-19) repitió ubicación en La Cubierta, los días 6 y 7 de abril. Con el objetivo de no repetirnos en exceso, pasamos directamente a mencionar las novedades y modificaciones más destacadas: Se pudo llevar a cabo el pasacalles de las…
